{"id":7010,"date":"2021-11-30T14:42:46","date_gmt":"2021-11-30T16:42:46","guid":{"rendered":"https:\/\/museuflorestal.ambiente.sp.gov.br\/acervo\/?post_type=tnc_col_329_item&#038;p=7010"},"modified":"2021-11-30T14:42:49","modified_gmt":"2021-11-30T16:42:49","slug":"quadro-com-amostras-de-madeira-do-forro-2","status":"publish","type":"tnc_col_329_item","link":"https:\/\/museuflorestal.ambiente.sp.gov.br\/acervo\/museu-florestal-octavio-vecchi\/quadro-com-amostras-de-madeira-do-forro-2\/","title":{"rendered":"Quadro com amostras de madeira do forro"},"content":{"rendered":"<p>Quadro de amostras de madeira do forro. Possui moldura com acabamento em tr\u00eas n\u00edveis, placa de metal na parte superior marcando &#8220;Forro&#8221; e vidro. Sobre o vidro h\u00e1 tr\u00eas amostras de madeiras dispostas horizontalmente com etiquetas as identificando. Respectivamente, se l\u00ea: &#8220;Nome popular: \u00d3leo-de-copa\u00edba, Nome cient\u00edfico: Copaifera langsdorffii Desf. , Fam\u00edlia: Leguminosaea-Caesalpinoideae&#8221;; &#8220;Nome popular: Tanboril, Nome cient\u00edfico: Enterolobium contortisiliguim (Vell. ) Morong, Fam\u00edlia: Leguminosae-Mimosoideae&#8221;; &#8220;Nome popular: Canjarana, Nome cient\u00edfico: Cabralea sp. . , Fam\u00edlia: Meliaceae&#8221;. No verso h\u00e1 as inscri\u00e7\u00f5es a l\u00e1pis &#8220;Sala 1 &#8220;, &#8220;Tamboril, canjarana, copaiba, forro 5&#8221; e gancho de metal na parte superior da moldura.<\/p>\n","protected":false},"featured_media":7011,"parent":0,"menu_order":0,"comment_status":"closed","ping_status":"closed","template":"","format":"standard","_links":{"self":[{"href":"https:\/\/museuflorestal.ambiente.sp.gov.br\/acervo\/wp-json\/wp\/v2\/tnc_col_329_item\/7010"}],"collection":[{"href":"https:\/\/museuflorestal.ambiente.sp.gov.br\/acervo\/wp-json\/wp\/v2\/tnc_col_329_item"}],"about":[{"href":"https:\/\/museuflorestal.ambiente.sp.gov.br\/acervo\/wp-json\/wp\/v2\/types\/tnc_col_329_item"}],"replies":[{"embeddable":true,"href":"https:\/\/museuflorestal.ambiente.sp.gov.br\/acervo\/wp-json\/wp\/v2\/comments?post=7010"}],"version-history":[{"count":0,"href":"https:\/\/museuflorestal.ambiente.sp.gov.br\/acervo\/wp-json\/wp\/v2\/tnc_col_329_item\/7010\/revisions"}],"wp:featuredmedia":[{"embeddable":true,"href":"https:\/\/museuflorestal.ambiente.sp.gov.br\/acervo\/wp-json\/wp\/v2\/media\/7011"}],"wp:attachment":[{"href":"https:\/\/museuflorestal.ambiente.sp.gov.br\/acervo\/wp-json\/wp\/v2\/media?parent=7010"}],"curies":[{"name":"wp","href":"https:\/\/api.w.org\/{rel}","templated":true}]}}

<p>Quadro de amostras de madeira do forro. Possui moldura com acabamento em três níveis, placa de metal na parte superior marcando &#8220;Forro&#8221; e vidro. Sobre o vidro há três amostras de madeiras dispostas horizontalmente com etiquetas as identificando. Respectivamente, se lê: &#8220;Nome popular: Óleo-de-copaíba, Nome científico: Copaifera langsdorffii Desf. , Família: Leguminosaea-Caesalpinoideae&#8221;; &#8220;Nome popular: Tanboril, Nome científico: Enterolobium contortisiliguim (Vell. ) Morong, Família: Leguminosae-Mimosoideae&#8221;; &#8220;Nome popular: Canjarana, Nome científico: Cabralea sp. . , Família: Meliaceae&#8221;. No verso há as inscrições a lápis &#8220;Sala 1 &#8220;, &#8220;Tamboril, canjarana, copaiba, forro 5&#8221; e gancho de metal na parte superior da moldura.</p>
