{"id":7013,"date":"2021-11-30T14:42:51","date_gmt":"2021-11-30T16:42:51","guid":{"rendered":"https:\/\/museuflorestal.ambiente.sp.gov.br\/acervo\/?post_type=tnc_col_329_item&#038;p=7013"},"modified":"2021-11-30T14:42:53","modified_gmt":"2021-11-30T16:42:53","slug":"quadro-com-amostras-de-madeira-do-assoalho-2","status":"publish","type":"tnc_col_329_item","link":"https:\/\/museuflorestal.ambiente.sp.gov.br\/acervo\/museu-florestal-octavio-vecchi\/quadro-com-amostras-de-madeira-do-assoalho-2\/","title":{"rendered":"Quadro com amostras de madeira do assoalho"},"content":{"rendered":"<p>Quadro de amostras de madeira do assoalho. Possui moldura com acabamento em tr\u00eas n\u00edveis, placa de metal na parte superior marcando &#8220;Soalho&#8221; e vidro. Sobre o vidro h\u00e1 tr\u00eas amostras de madeiras dispostas horizontalmente com etiquetas as identificando. Respectivamente, se l\u00ea: &#8220;Nome popular: Angico-rajado, Nome cient\u00edfico: Pithecolobium incuriale (vell) Benth. , Fam\u00edlia: Leguminosae-Mimesoideae&#8221;; &#8220;Nome popular: Jatob\u00e1, Nome cient\u00edfico: Hymenaea sp. , Fam\u00edlia: Leguminosae-Caesalpinoideae&#8221;; &#8220;Nome popular: Ip\u00ea, Nome cient\u00edfico: Iabebuia sp. , Fam\u00edlia: Bignoniaceae&#8221;. No verso h\u00e1 as inscri\u00e7\u00f5es a l\u00e1pis &#8220;8&#8221;, &#8220;Sala 5&#8221;, &#8220;Sala 1&#8221;, &#8220;Angico rajado, jatob\u00e1, ipe&#8221; e gancho de metal na parte superior da moldura.<\/p>\n","protected":false},"featured_media":7014,"parent":0,"menu_order":0,"comment_status":"closed","ping_status":"closed","template":"","format":"standard","_links":{"self":[{"href":"https:\/\/museuflorestal.ambiente.sp.gov.br\/acervo\/wp-json\/wp\/v2\/tnc_col_329_item\/7013"}],"collection":[{"href":"https:\/\/museuflorestal.ambiente.sp.gov.br\/acervo\/wp-json\/wp\/v2\/tnc_col_329_item"}],"about":[{"href":"https:\/\/museuflorestal.ambiente.sp.gov.br\/acervo\/wp-json\/wp\/v2\/types\/tnc_col_329_item"}],"replies":[{"embeddable":true,"href":"https:\/\/museuflorestal.ambiente.sp.gov.br\/acervo\/wp-json\/wp\/v2\/comments?post=7013"}],"version-history":[{"count":0,"href":"https:\/\/museuflorestal.ambiente.sp.gov.br\/acervo\/wp-json\/wp\/v2\/tnc_col_329_item\/7013\/revisions"}],"wp:featuredmedia":[{"embeddable":true,"href":"https:\/\/museuflorestal.ambiente.sp.gov.br\/acervo\/wp-json\/wp\/v2\/media\/7014"}],"wp:attachment":[{"href":"https:\/\/museuflorestal.ambiente.sp.gov.br\/acervo\/wp-json\/wp\/v2\/media?parent=7013"}],"curies":[{"name":"wp","href":"https:\/\/api.w.org\/{rel}","templated":true}]}}

<p>Quadro de amostras de madeira do assoalho. Possui moldura com acabamento em três níveis, placa de metal na parte superior marcando &#8220;Soalho&#8221; e vidro. Sobre o vidro há três amostras de madeiras dispostas horizontalmente com etiquetas as identificando. Respectivamente, se lê: &#8220;Nome popular: Angico-rajado, Nome científico: Pithecolobium incuriale (vell) Benth. , Família: Leguminosae-Mimesoideae&#8221;; &#8220;Nome popular: Jatobá, Nome científico: Hymenaea sp. , Família: Leguminosae-Caesalpinoideae&#8221;; &#8220;Nome popular: Ipê, Nome científico: Iabebuia sp. , Família: Bignoniaceae&#8221;. No verso há as inscrições a lápis &#8220;8&#8221;, &#8220;Sala 5&#8221;, &#8220;Sala 1&#8221;, &#8220;Angico rajado, jatobá, ipe&#8221; e gancho de metal na parte superior da moldura.</p>
