{"id":702,"date":"2021-11-30T11:56:49","date_gmt":"2021-11-30T13:56:49","guid":{"rendered":"https:\/\/museuflorestal.ambiente.sp.gov.br\/acervo\/?post_type=tnc_col_329_item&#038;p=702"},"modified":"2021-11-30T11:56:52","modified_gmt":"2021-11-30T13:56:52","slug":"assoalho-sala-2-ala-julio-prestes","status":"publish","type":"tnc_col_329_item","link":"https:\/\/museuflorestal.ambiente.sp.gov.br\/acervo\/museu-florestal-octavio-vecchi\/assoalho-sala-2-ala-julio-prestes\/","title":{"rendered":"Assoalho, Sala 2, Ala J\u00falio Prestes"},"content":{"rendered":"<p>Assoalho da Sala 2 da Ala J\u00falio Prestes, composto por t\u00e1buas de madeira de cana f\u00edstula, ararib\u00e1 e jacatir\u00e3o, que variam em tonalidade. Formam grandes quadrados, com t\u00e1buas dispostas na vertical, horizontal e diagonal.<\/p>\n","protected":false},"featured_media":703,"parent":0,"menu_order":0,"comment_status":"closed","ping_status":"closed","template":"","format":"standard","_links":{"self":[{"href":"https:\/\/museuflorestal.ambiente.sp.gov.br\/acervo\/wp-json\/wp\/v2\/tnc_col_329_item\/702"}],"collection":[{"href":"https:\/\/museuflorestal.ambiente.sp.gov.br\/acervo\/wp-json\/wp\/v2\/tnc_col_329_item"}],"about":[{"href":"https:\/\/museuflorestal.ambiente.sp.gov.br\/acervo\/wp-json\/wp\/v2\/types\/tnc_col_329_item"}],"replies":[{"embeddable":true,"href":"https:\/\/museuflorestal.ambiente.sp.gov.br\/acervo\/wp-json\/wp\/v2\/comments?post=702"}],"version-history":[{"count":0,"href":"https:\/\/museuflorestal.ambiente.sp.gov.br\/acervo\/wp-json\/wp\/v2\/tnc_col_329_item\/702\/revisions"}],"wp:featuredmedia":[{"embeddable":true,"href":"https:\/\/museuflorestal.ambiente.sp.gov.br\/acervo\/wp-json\/wp\/v2\/media\/703"}],"wp:attachment":[{"href":"https:\/\/museuflorestal.ambiente.sp.gov.br\/acervo\/wp-json\/wp\/v2\/media?parent=702"}],"curies":[{"name":"wp","href":"https:\/\/api.w.org\/{rel}","templated":true}]}}

Assoalho, Sala 2, Ala Júlio Prestes

<p>Assoalho da Sala 2 da Ala Júlio Prestes, composto por tábuas de madeira de cana fístula, araribá e jacatirão, que variam em tonalidade. Formam grandes quadrados, com tábuas dispostas na vertical, horizontal e diagonal.</p>
