{"id":7055,"date":"2021-11-30T14:43:44","date_gmt":"2021-11-30T16:43:44","guid":{"rendered":"https:\/\/museuflorestal.ambiente.sp.gov.br\/acervo\/?post_type=tnc_col_329_item&#038;p=7055"},"modified":"2021-11-30T14:43:47","modified_gmt":"2021-11-30T16:43:47","slug":"quadro-com-amostras-de-madeira-do-assoalho-3","status":"publish","type":"tnc_col_329_item","link":"https:\/\/museuflorestal.ambiente.sp.gov.br\/acervo\/museu-florestal-octavio-vecchi\/quadro-com-amostras-de-madeira-do-assoalho-3\/","title":{"rendered":"Quadro com amostras de madeira do assoalho"},"content":{"rendered":"<p>Quadro de amostras de madeira do assoalho. Possui moldura com acabamento em tr\u00eas n\u00edveis, placa de metal na parte superior marcando &#8220;Soalho&#8221; e vidro. Sobre o vidro h\u00e1 tr\u00eas amostras de madeiras dispostas horizontalmente com etiquetas as identificando. Respectivamente, se l\u00ea: &#8220;Nome popular: Pau-marfim, Nome cient\u00edfico e Fam\u00edlia&#8221;; &#8220;Nome popular: Gra\u00fana ou Bra\u00fana, Nome cient\u00edfico e Fam\u00edlia&#8221;; &#8220;Nome popular: Cav\u00eduna, Nome cient\u00edfico e Fam\u00edlia&#8221;, &#8220;Nome popular: Jacarand\u00e1-paulista, Nome cient\u00edfico e Fam\u00edlia&#8221;. No verso h\u00e1 a inscri\u00e7\u00e3o a l\u00e1pis &#8220;Hall&#8221; e gancho de metal na parte superior da moldura.<\/p>\n","protected":false},"featured_media":7056,"parent":0,"menu_order":0,"comment_status":"closed","ping_status":"closed","template":"","format":"standard","_links":{"self":[{"href":"https:\/\/museuflorestal.ambiente.sp.gov.br\/acervo\/wp-json\/wp\/v2\/tnc_col_329_item\/7055"}],"collection":[{"href":"https:\/\/museuflorestal.ambiente.sp.gov.br\/acervo\/wp-json\/wp\/v2\/tnc_col_329_item"}],"about":[{"href":"https:\/\/museuflorestal.ambiente.sp.gov.br\/acervo\/wp-json\/wp\/v2\/types\/tnc_col_329_item"}],"replies":[{"embeddable":true,"href":"https:\/\/museuflorestal.ambiente.sp.gov.br\/acervo\/wp-json\/wp\/v2\/comments?post=7055"}],"version-history":[{"count":0,"href":"https:\/\/museuflorestal.ambiente.sp.gov.br\/acervo\/wp-json\/wp\/v2\/tnc_col_329_item\/7055\/revisions"}],"wp:featuredmedia":[{"embeddable":true,"href":"https:\/\/museuflorestal.ambiente.sp.gov.br\/acervo\/wp-json\/wp\/v2\/media\/7056"}],"wp:attachment":[{"href":"https:\/\/museuflorestal.ambiente.sp.gov.br\/acervo\/wp-json\/wp\/v2\/media?parent=7055"}],"curies":[{"name":"wp","href":"https:\/\/api.w.org\/{rel}","templated":true}]}}

<p>Quadro de amostras de madeira do assoalho. Possui moldura com acabamento em três níveis, placa de metal na parte superior marcando &#8220;Soalho&#8221; e vidro. Sobre o vidro há três amostras de madeiras dispostas horizontalmente com etiquetas as identificando. Respectivamente, se lê: &#8220;Nome popular: Pau-marfim, Nome científico e Família&#8221;; &#8220;Nome popular: Graúna ou Braúna, Nome científico e Família&#8221;; &#8220;Nome popular: Cavíuna, Nome científico e Família&#8221;, &#8220;Nome popular: Jacarandá-paulista, Nome científico e Família&#8221;. No verso há a inscrição a lápis &#8220;Hall&#8221; e gancho de metal na parte superior da moldura.</p>
