{"id":7061,"date":"2021-11-30T14:43:55","date_gmt":"2021-11-30T16:43:55","guid":{"rendered":"https:\/\/museuflorestal.ambiente.sp.gov.br\/acervo\/?post_type=tnc_col_329_item&#038;p=7061"},"modified":"2021-11-30T14:43:57","modified_gmt":"2021-11-30T16:43:57","slug":"quadro-com-amostras-de-madeira-do-forro-3","status":"publish","type":"tnc_col_329_item","link":"https:\/\/museuflorestal.ambiente.sp.gov.br\/acervo\/museu-florestal-octavio-vecchi\/quadro-com-amostras-de-madeira-do-forro-3\/","title":{"rendered":"Quadro com amostras de madeira do forro"},"content":{"rendered":"<p>Quadro de amostras de madeira do forro. Possui moldura com acabamento em tr\u00eas n\u00edveis, placa de metal na parte superior marcando &#8220;Soalho&#8221; e vidro. Sobre o vidro h\u00e1 tr\u00eas amostras de madeiras dispostas horizontalmente com etiquetas as identificando. Respectivamente, se l\u00ea: &#8220;Nome popular: Canela-preta-verdadeira, Nome cient\u00edfico e Fam\u00edlia&#8221;; &#8220;Nome popular: Pinheiro-do-paran\u00e1, Nome cient\u00edfico e Fam\u00edlia&#8221;. No verso h\u00e1 um gancho de metal na parte superior da moldura.<\/p>\n","protected":false},"featured_media":7062,"parent":0,"menu_order":0,"comment_status":"closed","ping_status":"closed","template":"","format":"standard","_links":{"self":[{"href":"https:\/\/museuflorestal.ambiente.sp.gov.br\/acervo\/wp-json\/wp\/v2\/tnc_col_329_item\/7061"}],"collection":[{"href":"https:\/\/museuflorestal.ambiente.sp.gov.br\/acervo\/wp-json\/wp\/v2\/tnc_col_329_item"}],"about":[{"href":"https:\/\/museuflorestal.ambiente.sp.gov.br\/acervo\/wp-json\/wp\/v2\/types\/tnc_col_329_item"}],"replies":[{"embeddable":true,"href":"https:\/\/museuflorestal.ambiente.sp.gov.br\/acervo\/wp-json\/wp\/v2\/comments?post=7061"}],"version-history":[{"count":0,"href":"https:\/\/museuflorestal.ambiente.sp.gov.br\/acervo\/wp-json\/wp\/v2\/tnc_col_329_item\/7061\/revisions"}],"wp:featuredmedia":[{"embeddable":true,"href":"https:\/\/museuflorestal.ambiente.sp.gov.br\/acervo\/wp-json\/wp\/v2\/media\/7062"}],"wp:attachment":[{"href":"https:\/\/museuflorestal.ambiente.sp.gov.br\/acervo\/wp-json\/wp\/v2\/media?parent=7061"}],"curies":[{"name":"wp","href":"https:\/\/api.w.org\/{rel}","templated":true}]}}

<p>Quadro de amostras de madeira do forro. Possui moldura com acabamento em três níveis, placa de metal na parte superior marcando &#8220;Soalho&#8221; e vidro. Sobre o vidro há três amostras de madeiras dispostas horizontalmente com etiquetas as identificando. Respectivamente, se lê: &#8220;Nome popular: Canela-preta-verdadeira, Nome científico e Família&#8221;; &#8220;Nome popular: Pinheiro-do-paraná, Nome científico e Família&#8221;. No verso há um gancho de metal na parte superior da moldura.</p>
