{"id":7066,"date":"2021-11-30T14:44:04","date_gmt":"2021-11-30T16:44:04","guid":{"rendered":"https:\/\/museuflorestal.ambiente.sp.gov.br\/acervo\/?post_type=tnc_col_329_item&#038;p=7066"},"modified":"2021-11-30T14:44:07","modified_gmt":"2021-11-30T16:44:07","slug":"estandarte-da-festa-das-arvores-2019","status":"publish","type":"tnc_col_329_item","link":"https:\/\/museuflorestal.ambiente.sp.gov.br\/acervo\/museu-florestal-octavio-vecchi\/estandarte-da-festa-das-arvores-2019\/","title":{"rendered":"Estandarte da Festa das \u00c1rvores 2019"},"content":{"rendered":"<p>Estandarte em tecido verde, com babados dourados e haste de madeira na parte superior. Na frente h\u00e1 uma colagem em feltro escrito &#8220;Festa das \u00e1rvores 1902-2019&#8221;, com uma \u00e1rvore e folhas coloridas.<\/p>\n","protected":false},"featured_media":7069,"parent":0,"menu_order":0,"comment_status":"closed","ping_status":"closed","template":"","format":"standard","_links":{"self":[{"href":"https:\/\/museuflorestal.ambiente.sp.gov.br\/acervo\/wp-json\/wp\/v2\/tnc_col_329_item\/7066"}],"collection":[{"href":"https:\/\/museuflorestal.ambiente.sp.gov.br\/acervo\/wp-json\/wp\/v2\/tnc_col_329_item"}],"about":[{"href":"https:\/\/museuflorestal.ambiente.sp.gov.br\/acervo\/wp-json\/wp\/v2\/types\/tnc_col_329_item"}],"replies":[{"embeddable":true,"href":"https:\/\/museuflorestal.ambiente.sp.gov.br\/acervo\/wp-json\/wp\/v2\/comments?post=7066"}],"version-history":[{"count":0,"href":"https:\/\/museuflorestal.ambiente.sp.gov.br\/acervo\/wp-json\/wp\/v2\/tnc_col_329_item\/7066\/revisions"}],"wp:featuredmedia":[{"embeddable":true,"href":"https:\/\/museuflorestal.ambiente.sp.gov.br\/acervo\/wp-json\/wp\/v2\/media\/7069"}],"wp:attachment":[{"href":"https:\/\/museuflorestal.ambiente.sp.gov.br\/acervo\/wp-json\/wp\/v2\/media?parent=7066"}],"curies":[{"name":"wp","href":"https:\/\/api.w.org\/{rel}","templated":true}]}}

Estandarte da Festa das Árvores 2019

<p>Estandarte em tecido verde, com babados dourados e haste de madeira na parte superior. Na frente há uma colagem em feltro escrito &#8220;Festa das árvores 1902-2019&#8221;, com uma árvore e folhas coloridas.</p>
