{"id":7071,"date":"2021-11-30T14:44:10","date_gmt":"2021-11-30T16:44:10","guid":{"rendered":"https:\/\/museuflorestal.ambiente.sp.gov.br\/acervo\/?post_type=tnc_col_329_item&#038;p=7071"},"modified":"2021-11-30T14:44:12","modified_gmt":"2021-11-30T16:44:12","slug":"quadro-um-cantinho-no-horto","status":"publish","type":"tnc_col_329_item","link":"https:\/\/museuflorestal.ambiente.sp.gov.br\/acervo\/museu-florestal-octavio-vecchi\/quadro-um-cantinho-no-horto\/","title":{"rendered":"Quadro &#8220;Um cantinho no horto&#8221;"},"content":{"rendered":"<p>\u00d3leo sobre tela representando uma paisagem com lago e \u00e1rvores. No canto inferior esquerdo h\u00e1 uma assinatura. Pintura sobre paspartur com moldura de madeira e acabamentos nas bordas. No verso h\u00e1 a inscri\u00e7\u00e3o &#8220;Um cantinho no horto, \u00f3leo s\/tela, 20x30cm, 04\/2010, Claudio C. Mesquita&#8221;.<\/p>\n","protected":false},"featured_media":7073,"parent":0,"menu_order":0,"comment_status":"closed","ping_status":"closed","template":"","format":"standard","_links":{"self":[{"href":"https:\/\/museuflorestal.ambiente.sp.gov.br\/acervo\/wp-json\/wp\/v2\/tnc_col_329_item\/7071"}],"collection":[{"href":"https:\/\/museuflorestal.ambiente.sp.gov.br\/acervo\/wp-json\/wp\/v2\/tnc_col_329_item"}],"about":[{"href":"https:\/\/museuflorestal.ambiente.sp.gov.br\/acervo\/wp-json\/wp\/v2\/types\/tnc_col_329_item"}],"replies":[{"embeddable":true,"href":"https:\/\/museuflorestal.ambiente.sp.gov.br\/acervo\/wp-json\/wp\/v2\/comments?post=7071"}],"version-history":[{"count":0,"href":"https:\/\/museuflorestal.ambiente.sp.gov.br\/acervo\/wp-json\/wp\/v2\/tnc_col_329_item\/7071\/revisions"}],"wp:featuredmedia":[{"embeddable":true,"href":"https:\/\/museuflorestal.ambiente.sp.gov.br\/acervo\/wp-json\/wp\/v2\/media\/7073"}],"wp:attachment":[{"href":"https:\/\/museuflorestal.ambiente.sp.gov.br\/acervo\/wp-json\/wp\/v2\/media?parent=7071"}],"curies":[{"name":"wp","href":"https:\/\/api.w.org\/{rel}","templated":true}]}}

<p>Óleo sobre tela representando uma paisagem com lago e árvores. No canto inferior esquerdo há uma assinatura. Pintura sobre paspartur com moldura de madeira e acabamentos nas bordas. No verso há a inscrição &#8220;Um cantinho no horto, óleo s/tela, 20x30cm, 04/2010, Claudio C. Mesquita&#8221;.</p>
