{"id":709,"date":"2021-11-30T11:57:00","date_gmt":"2021-11-30T13:57:00","guid":{"rendered":"https:\/\/museuflorestal.ambiente.sp.gov.br\/acervo\/?post_type=tnc_col_329_item&#038;p=709"},"modified":"2021-11-30T11:57:03","modified_gmt":"2021-11-30T13:57:03","slug":"lustre-sala-2-ala-julio-prestes","status":"publish","type":"tnc_col_329_item","link":"https:\/\/museuflorestal.ambiente.sp.gov.br\/acervo\/museu-florestal-octavio-vecchi\/lustre-sala-2-ala-julio-prestes\/","title":{"rendered":"Lustre, Sala 2, Ala J\u00falio Prestes"},"content":{"rendered":"<p>Lustre de madeira de sucupira-vermelha, sustentado por correntes de madeira. Possui bocal central e seis bra\u00e7os com acabamentos vazados. Em cada bra\u00e7o h\u00e1 um bocal.<\/p>\n","protected":false},"featured_media":710,"parent":0,"menu_order":0,"comment_status":"closed","ping_status":"closed","template":"","format":"standard","_links":{"self":[{"href":"https:\/\/museuflorestal.ambiente.sp.gov.br\/acervo\/wp-json\/wp\/v2\/tnc_col_329_item\/709"}],"collection":[{"href":"https:\/\/museuflorestal.ambiente.sp.gov.br\/acervo\/wp-json\/wp\/v2\/tnc_col_329_item"}],"about":[{"href":"https:\/\/museuflorestal.ambiente.sp.gov.br\/acervo\/wp-json\/wp\/v2\/types\/tnc_col_329_item"}],"replies":[{"embeddable":true,"href":"https:\/\/museuflorestal.ambiente.sp.gov.br\/acervo\/wp-json\/wp\/v2\/comments?post=709"}],"version-history":[{"count":0,"href":"https:\/\/museuflorestal.ambiente.sp.gov.br\/acervo\/wp-json\/wp\/v2\/tnc_col_329_item\/709\/revisions"}],"wp:featuredmedia":[{"embeddable":true,"href":"https:\/\/museuflorestal.ambiente.sp.gov.br\/acervo\/wp-json\/wp\/v2\/media\/710"}],"wp:attachment":[{"href":"https:\/\/museuflorestal.ambiente.sp.gov.br\/acervo\/wp-json\/wp\/v2\/media?parent=709"}],"curies":[{"name":"wp","href":"https:\/\/api.w.org\/{rel}","templated":true}]}}

Lustre, Sala 2, Ala Júlio Prestes

<p>Lustre de madeira de sucupira-vermelha, sustentado por correntes de madeira. Possui bocal central e seis braços com acabamentos vazados. Em cada braço há um bocal.</p>
