{"id":7182,"date":"2021-11-30T14:59:12","date_gmt":"2021-11-30T16:59:12","guid":{"rendered":"https:\/\/museuflorestal.ambiente.sp.gov.br\/acervo\/?post_type=tnc_col_329_item&#038;p=7182"},"modified":"2021-11-30T14:59:13","modified_gmt":"2021-11-30T16:59:13","slug":"amostra-de-jacaranda-em-formato-de-livro","status":"publish","type":"tnc_col_329_item","link":"https:\/\/museuflorestal.ambiente.sp.gov.br\/acervo\/museu-florestal-octavio-vecchi\/amostra-de-jacaranda-em-formato-de-livro\/","title":{"rendered":"Amostra de jacarand\u00e1 em formato de livro"},"content":{"rendered":"<p>Amostra de madeira em formato de livro, na cor natural da madeira. Na lombada h\u00e1 o entalhe em alto relevo &#8220;Jacarand\u00e1&#8221; na parte superior, e o entalhe em alto relevo &#8220;A&#8221; envolto por um c\u00edrculo, na parte inferior. Na parte inferior do livro h\u00e1 a inscri\u00e7\u00e3o \u00e0 caneta &#8220;MT-352&#8221;.<\/p>\n","protected":false},"featured_media":7183,"parent":0,"menu_order":0,"comment_status":"closed","ping_status":"closed","template":"","format":"standard","_links":{"self":[{"href":"https:\/\/museuflorestal.ambiente.sp.gov.br\/acervo\/wp-json\/wp\/v2\/tnc_col_329_item\/7182"}],"collection":[{"href":"https:\/\/museuflorestal.ambiente.sp.gov.br\/acervo\/wp-json\/wp\/v2\/tnc_col_329_item"}],"about":[{"href":"https:\/\/museuflorestal.ambiente.sp.gov.br\/acervo\/wp-json\/wp\/v2\/types\/tnc_col_329_item"}],"replies":[{"embeddable":true,"href":"https:\/\/museuflorestal.ambiente.sp.gov.br\/acervo\/wp-json\/wp\/v2\/comments?post=7182"}],"version-history":[{"count":0,"href":"https:\/\/museuflorestal.ambiente.sp.gov.br\/acervo\/wp-json\/wp\/v2\/tnc_col_329_item\/7182\/revisions"}],"wp:featuredmedia":[{"embeddable":true,"href":"https:\/\/museuflorestal.ambiente.sp.gov.br\/acervo\/wp-json\/wp\/v2\/media\/7183"}],"wp:attachment":[{"href":"https:\/\/museuflorestal.ambiente.sp.gov.br\/acervo\/wp-json\/wp\/v2\/media?parent=7182"}],"curies":[{"name":"wp","href":"https:\/\/api.w.org\/{rel}","templated":true}]}}

Amostra de jacarandá em formato de livro

<p>Amostra de madeira em formato de livro, na cor natural da madeira. Na lombada há o entalhe em alto relevo &#8220;Jacarandá&#8221; na parte superior, e o entalhe em alto relevo &#8220;A&#8221; envolto por um círculo, na parte inferior. Na parte inferior do livro há a inscrição à caneta &#8220;MT-352&#8221;.</p>
