{"id":7207,"date":"2021-11-30T14:59:42","date_gmt":"2021-11-30T16:59:42","guid":{"rendered":"https:\/\/museuflorestal.ambiente.sp.gov.br\/acervo\/?post_type=tnc_col_329_item&#038;p=7207"},"modified":"2021-11-30T14:59:43","modified_gmt":"2021-11-30T16:59:43","slug":"amostra-de-jequitiba-em-formato-de-livro","status":"publish","type":"tnc_col_329_item","link":"https:\/\/museuflorestal.ambiente.sp.gov.br\/acervo\/museu-florestal-octavio-vecchi\/amostra-de-jequitiba-em-formato-de-livro\/","title":{"rendered":"Amostra de jequitib\u00e1 em formato de livro"},"content":{"rendered":"<p>Amostra de madeira em formato de livro, na cor natural da madeira. Na lombada h\u00e1 o entalhe em alto relevo &#8220;Jequitib\u00e1&#8221; na parte superior, e o entalhe em alto relevo &#8220;A&#8221; envolto por um c\u00edrculo, na parte inferior. Na parte inferior do livro h\u00e1 a inscri\u00e7\u00e3o \u00e0 caneta &#8220;MT-357&#8221;.<\/p>\n","protected":false},"featured_media":7208,"parent":0,"menu_order":0,"comment_status":"closed","ping_status":"closed","template":"","format":"standard","_links":{"self":[{"href":"https:\/\/museuflorestal.ambiente.sp.gov.br\/acervo\/wp-json\/wp\/v2\/tnc_col_329_item\/7207"}],"collection":[{"href":"https:\/\/museuflorestal.ambiente.sp.gov.br\/acervo\/wp-json\/wp\/v2\/tnc_col_329_item"}],"about":[{"href":"https:\/\/museuflorestal.ambiente.sp.gov.br\/acervo\/wp-json\/wp\/v2\/types\/tnc_col_329_item"}],"replies":[{"embeddable":true,"href":"https:\/\/museuflorestal.ambiente.sp.gov.br\/acervo\/wp-json\/wp\/v2\/comments?post=7207"}],"version-history":[{"count":0,"href":"https:\/\/museuflorestal.ambiente.sp.gov.br\/acervo\/wp-json\/wp\/v2\/tnc_col_329_item\/7207\/revisions"}],"wp:featuredmedia":[{"embeddable":true,"href":"https:\/\/museuflorestal.ambiente.sp.gov.br\/acervo\/wp-json\/wp\/v2\/media\/7208"}],"wp:attachment":[{"href":"https:\/\/museuflorestal.ambiente.sp.gov.br\/acervo\/wp-json\/wp\/v2\/media?parent=7207"}],"curies":[{"name":"wp","href":"https:\/\/api.w.org\/{rel}","templated":true}]}}

Amostra de jequitibá em formato de livro

<p>Amostra de madeira em formato de livro, na cor natural da madeira. Na lombada há o entalhe em alto relevo &#8220;Jequitibá&#8221; na parte superior, e o entalhe em alto relevo &#8220;A&#8221; envolto por um círculo, na parte inferior. Na parte inferior do livro há a inscrição à caneta &#8220;MT-357&#8221;.</p>
