{"id":7255,"date":"2021-11-30T15:06:36","date_gmt":"2021-11-30T17:06:36","guid":{"rendered":"https:\/\/museuflorestal.ambiente.sp.gov.br\/acervo\/?post_type=tnc_col_329_item&#038;p=7255"},"modified":"2021-11-30T15:06:36","modified_gmt":"2021-11-30T17:06:36","slug":"amostra-de-perobinha-em-formato-de-livro","status":"publish","type":"tnc_col_329_item","link":"https:\/\/museuflorestal.ambiente.sp.gov.br\/acervo\/museu-florestal-octavio-vecchi\/amostra-de-perobinha-em-formato-de-livro\/","title":{"rendered":"Amostra de perobinha em formato de livro"},"content":{"rendered":"<p>Amostra de madeira em formato de livro, na cor natural da madeira. Na lombada h\u00e1 o entalhe em alto relevo &#8220;Perobinha&#8221; na parte superior, e o entalhe em alto relevo &#8220;A&#8221; envolto por um c\u00edrculo, na parte inferior. Na parte inferior do livro h\u00e1 a inscri\u00e7\u00e3o \u00e0 caneta &#8220;MT-367&#8221;.<\/p>\n","protected":false},"featured_media":7256,"parent":0,"menu_order":0,"comment_status":"closed","ping_status":"closed","template":"","format":"standard","_links":{"self":[{"href":"https:\/\/museuflorestal.ambiente.sp.gov.br\/acervo\/wp-json\/wp\/v2\/tnc_col_329_item\/7255"}],"collection":[{"href":"https:\/\/museuflorestal.ambiente.sp.gov.br\/acervo\/wp-json\/wp\/v2\/tnc_col_329_item"}],"about":[{"href":"https:\/\/museuflorestal.ambiente.sp.gov.br\/acervo\/wp-json\/wp\/v2\/types\/tnc_col_329_item"}],"replies":[{"embeddable":true,"href":"https:\/\/museuflorestal.ambiente.sp.gov.br\/acervo\/wp-json\/wp\/v2\/comments?post=7255"}],"version-history":[{"count":0,"href":"https:\/\/museuflorestal.ambiente.sp.gov.br\/acervo\/wp-json\/wp\/v2\/tnc_col_329_item\/7255\/revisions"}],"wp:featuredmedia":[{"embeddable":true,"href":"https:\/\/museuflorestal.ambiente.sp.gov.br\/acervo\/wp-json\/wp\/v2\/media\/7256"}],"wp:attachment":[{"href":"https:\/\/museuflorestal.ambiente.sp.gov.br\/acervo\/wp-json\/wp\/v2\/media?parent=7255"}],"curies":[{"name":"wp","href":"https:\/\/api.w.org\/{rel}","templated":true}]}}

<p>Amostra de madeira em formato de livro, na cor natural da madeira. Na lombada há o entalhe em alto relevo &#8220;Perobinha&#8221; na parte superior, e o entalhe em alto relevo &#8220;A&#8221; envolto por um círculo, na parte inferior. Na parte inferior do livro há a inscrição à caneta &#8220;MT-367&#8221;.</p>
