{"id":7304,"date":"2021-11-30T15:14:56","date_gmt":"2021-11-30T17:14:56","guid":{"rendered":"https:\/\/museuflorestal.ambiente.sp.gov.br\/acervo\/?post_type=tnc_col_329_item&#038;p=7304"},"modified":"2021-11-30T15:15:20","modified_gmt":"2021-11-30T17:15:20","slug":"amostra-de-cedro-rosa-em-forma-de-livro-e-e-santo","status":"publish","type":"tnc_col_329_item","link":"https:\/\/museuflorestal.ambiente.sp.gov.br\/acervo\/museu-florestal-octavio-vecchi\/amostra-de-cedro-rosa-em-forma-de-livro-e-e-santo\/","title":{"rendered":"Amostra de cedro-rosa em forma de livro &#8211; E. E. Santo"},"content":{"rendered":"<p>Amostra de madeira em formato de livro, na cor natural da madeira. Na lombada h\u00e1 duas placas met\u00e1licas fixadas por duas taxas cada. Uma placa na parte superior com a inscri\u00e7\u00e3o &#8220;Cedro rosa&#8221; e outra na parte inferior com a inscri\u00e7\u00e3o &#8220;E. E. Santo&#8221;. Na parte frontal do livro h\u00e1 a inscri\u00e7\u00e3o em baixo relevo &#8220;2&#8221; no canto superior direito. No topo h\u00e1 a inscri\u00e7\u00e3o em baixo relevo &#8220;2&#8221;. Na parte inferior, no miolo, h\u00e1 a inscri\u00e7\u00e3o \u00e0 caneta &#8220;MT-269&#8221;.<\/p>\n","protected":false},"featured_media":7305,"parent":0,"menu_order":0,"comment_status":"closed","ping_status":"closed","template":"","format":"standard","_links":{"self":[{"href":"https:\/\/museuflorestal.ambiente.sp.gov.br\/acervo\/wp-json\/wp\/v2\/tnc_col_329_item\/7304"}],"collection":[{"href":"https:\/\/museuflorestal.ambiente.sp.gov.br\/acervo\/wp-json\/wp\/v2\/tnc_col_329_item"}],"about":[{"href":"https:\/\/museuflorestal.ambiente.sp.gov.br\/acervo\/wp-json\/wp\/v2\/types\/tnc_col_329_item"}],"replies":[{"embeddable":true,"href":"https:\/\/museuflorestal.ambiente.sp.gov.br\/acervo\/wp-json\/wp\/v2\/comments?post=7304"}],"version-history":[{"count":0,"href":"https:\/\/museuflorestal.ambiente.sp.gov.br\/acervo\/wp-json\/wp\/v2\/tnc_col_329_item\/7304\/revisions"}],"wp:featuredmedia":[{"embeddable":true,"href":"https:\/\/museuflorestal.ambiente.sp.gov.br\/acervo\/wp-json\/wp\/v2\/media\/7305"}],"wp:attachment":[{"href":"https:\/\/museuflorestal.ambiente.sp.gov.br\/acervo\/wp-json\/wp\/v2\/media?parent=7304"}],"curies":[{"name":"wp","href":"https:\/\/api.w.org\/{rel}","templated":true}]}}

<p>Amostra de madeira em formato de livro, na cor natural da madeira. Na lombada há duas placas metálicas fixadas por duas taxas cada. Uma placa na parte superior com a inscrição &#8220;Cedro rosa&#8221; e outra na parte inferior com a inscrição &#8220;E. E. Santo&#8221;. Na parte frontal do livro há a inscrição em baixo relevo &#8220;2&#8221; no canto superior direito. No topo há a inscrição em baixo relevo &#8220;2&#8221;. Na parte inferior, no miolo, há a inscrição à caneta &#8220;MT-269&#8221;.</p>
