{"id":740,"date":"2021-11-30T11:57:40","date_gmt":"2021-11-30T13:57:40","guid":{"rendered":"https:\/\/museuflorestal.ambiente.sp.gov.br\/acervo\/?post_type=tnc_col_329_item&#038;p=740"},"modified":"2021-11-30T11:57:41","modified_gmt":"2021-11-30T13:57:41","slug":"vitral-paineira","status":"publish","type":"tnc_col_329_item","link":"https:\/\/museuflorestal.ambiente.sp.gov.br\/acervo\/museu-florestal-octavio-vecchi\/vitral-paineira\/","title":{"rendered":"Vitral &#8211; Paineira"},"content":{"rendered":"<p>Vitral com desenhos sim\u00e9tricos de folhas verdes cercadas de flores rosas. Possui grade de metal e, no centro, vidro basculante. Projeto de Oct\u00e1vio Vecchi, realiza\u00e7\u00e3o de Casa Conrado.<\/p>\n","protected":false},"featured_media":741,"parent":0,"menu_order":0,"comment_status":"closed","ping_status":"closed","template":"","format":"standard","_links":{"self":[{"href":"https:\/\/museuflorestal.ambiente.sp.gov.br\/acervo\/wp-json\/wp\/v2\/tnc_col_329_item\/740"}],"collection":[{"href":"https:\/\/museuflorestal.ambiente.sp.gov.br\/acervo\/wp-json\/wp\/v2\/tnc_col_329_item"}],"about":[{"href":"https:\/\/museuflorestal.ambiente.sp.gov.br\/acervo\/wp-json\/wp\/v2\/types\/tnc_col_329_item"}],"replies":[{"embeddable":true,"href":"https:\/\/museuflorestal.ambiente.sp.gov.br\/acervo\/wp-json\/wp\/v2\/comments?post=740"}],"version-history":[{"count":0,"href":"https:\/\/museuflorestal.ambiente.sp.gov.br\/acervo\/wp-json\/wp\/v2\/tnc_col_329_item\/740\/revisions"}],"wp:featuredmedia":[{"embeddable":true,"href":"https:\/\/museuflorestal.ambiente.sp.gov.br\/acervo\/wp-json\/wp\/v2\/media\/741"}],"wp:attachment":[{"href":"https:\/\/museuflorestal.ambiente.sp.gov.br\/acervo\/wp-json\/wp\/v2\/media?parent=740"}],"curies":[{"name":"wp","href":"https:\/\/api.w.org\/{rel}","templated":true}]}}

<p>Vitral com desenhos simétricos de folhas verdes cercadas de flores rosas. Possui grade de metal e, no centro, vidro basculante. Projeto de Octávio Vecchi, realização de Casa Conrado.</p>
