{"id":750,"date":"2021-11-30T11:57:50","date_gmt":"2021-11-30T13:57:50","guid":{"rendered":"https:\/\/museuflorestal.ambiente.sp.gov.br\/acervo\/?post_type=tnc_col_329_item&#038;p=750"},"modified":"2021-11-30T11:57:53","modified_gmt":"2021-11-30T13:57:53","slug":"vitral-cervo","status":"publish","type":"tnc_col_329_item","link":"https:\/\/museuflorestal.ambiente.sp.gov.br\/acervo\/museu-florestal-octavio-vecchi\/vitral-cervo\/","title":{"rendered":"Vitral &#8211; Cervo"},"content":{"rendered":"<p>Vitral com paisagem de cervo e \u00e1rvores, no fundo. Possui grade de metal e, no centro, vidro basculante. Projeto de Oct\u00e1vio Vecchi, realiza\u00e7\u00e3o de Casa Conrado.<\/p>\n","protected":false},"featured_media":751,"parent":0,"menu_order":0,"comment_status":"closed","ping_status":"closed","template":"","format":"standard","_links":{"self":[{"href":"https:\/\/museuflorestal.ambiente.sp.gov.br\/acervo\/wp-json\/wp\/v2\/tnc_col_329_item\/750"}],"collection":[{"href":"https:\/\/museuflorestal.ambiente.sp.gov.br\/acervo\/wp-json\/wp\/v2\/tnc_col_329_item"}],"about":[{"href":"https:\/\/museuflorestal.ambiente.sp.gov.br\/acervo\/wp-json\/wp\/v2\/types\/tnc_col_329_item"}],"replies":[{"embeddable":true,"href":"https:\/\/museuflorestal.ambiente.sp.gov.br\/acervo\/wp-json\/wp\/v2\/comments?post=750"}],"version-history":[{"count":0,"href":"https:\/\/museuflorestal.ambiente.sp.gov.br\/acervo\/wp-json\/wp\/v2\/tnc_col_329_item\/750\/revisions"}],"wp:featuredmedia":[{"embeddable":true,"href":"https:\/\/museuflorestal.ambiente.sp.gov.br\/acervo\/wp-json\/wp\/v2\/media\/751"}],"wp:attachment":[{"href":"https:\/\/museuflorestal.ambiente.sp.gov.br\/acervo\/wp-json\/wp\/v2\/media?parent=750"}],"curies":[{"name":"wp","href":"https:\/\/api.w.org\/{rel}","templated":true}]}}

<p>Vitral com paisagem de cervo e árvores, no fundo. Possui grade de metal e, no centro, vidro basculante. Projeto de Octávio Vecchi, realização de Casa Conrado.</p>
