{"id":752,"date":"2021-11-30T11:57:54","date_gmt":"2021-11-30T13:57:54","guid":{"rendered":"https:\/\/museuflorestal.ambiente.sp.gov.br\/acervo\/?post_type=tnc_col_329_item&#038;p=752"},"modified":"2021-11-30T11:57:56","modified_gmt":"2021-11-30T13:57:56","slug":"vitral-borboleta","status":"publish","type":"tnc_col_329_item","link":"https:\/\/museuflorestal.ambiente.sp.gov.br\/acervo\/museu-florestal-octavio-vecchi\/vitral-borboleta\/","title":{"rendered":"Vitral &#8211; Borboleta"},"content":{"rendered":"<p>Vitral com desenho de quatro borboletas sim\u00e9tricas, nas cores azul, roxo, amarelo e vermelho. Nos cantos inferiores h\u00e1 outras duas borboletas de dimens\u00e3o menor. Possui grade de metal e, no centro, vidro basculante. Projeto de Oct\u00e1vio Vecchi, realiza\u00e7\u00e3o de Casa Conrado.<\/p>\n","protected":false},"featured_media":753,"parent":0,"menu_order":0,"comment_status":"closed","ping_status":"closed","template":"","format":"standard","_links":{"self":[{"href":"https:\/\/museuflorestal.ambiente.sp.gov.br\/acervo\/wp-json\/wp\/v2\/tnc_col_329_item\/752"}],"collection":[{"href":"https:\/\/museuflorestal.ambiente.sp.gov.br\/acervo\/wp-json\/wp\/v2\/tnc_col_329_item"}],"about":[{"href":"https:\/\/museuflorestal.ambiente.sp.gov.br\/acervo\/wp-json\/wp\/v2\/types\/tnc_col_329_item"}],"replies":[{"embeddable":true,"href":"https:\/\/museuflorestal.ambiente.sp.gov.br\/acervo\/wp-json\/wp\/v2\/comments?post=752"}],"version-history":[{"count":0,"href":"https:\/\/museuflorestal.ambiente.sp.gov.br\/acervo\/wp-json\/wp\/v2\/tnc_col_329_item\/752\/revisions"}],"wp:featuredmedia":[{"embeddable":true,"href":"https:\/\/museuflorestal.ambiente.sp.gov.br\/acervo\/wp-json\/wp\/v2\/media\/753"}],"wp:attachment":[{"href":"https:\/\/museuflorestal.ambiente.sp.gov.br\/acervo\/wp-json\/wp\/v2\/media?parent=752"}],"curies":[{"name":"wp","href":"https:\/\/api.w.org\/{rel}","templated":true}]}}

<p>Vitral com desenho de quatro borboletas simétricas, nas cores azul, roxo, amarelo e vermelho. Nos cantos inferiores há outras duas borboletas de dimensão menor. Possui grade de metal e, no centro, vidro basculante. Projeto de Octávio Vecchi, realização de Casa Conrado.</p>
