{"id":755,"date":"2021-11-30T11:57:59","date_gmt":"2021-11-30T13:57:59","guid":{"rendered":"https:\/\/museuflorestal.ambiente.sp.gov.br\/acervo\/?post_type=tnc_col_329_item&#038;p=755"},"modified":"2021-11-30T11:58:00","modified_gmt":"2021-11-30T13:58:00","slug":"vitral-borboleta-2","status":"publish","type":"tnc_col_329_item","link":"https:\/\/museuflorestal.ambiente.sp.gov.br\/acervo\/museu-florestal-octavio-vecchi\/vitral-borboleta-2\/","title":{"rendered":"Vitral &#8211; Borboleta"},"content":{"rendered":"<p>Vitral com desenho de duas borboletas sim\u00e9tricas opostas, nas cores azul, vermelho, amarelo e marrom. Nos cantos inferiores h\u00e1 outras duas borboletas sim\u00e9tricas de dimens\u00e3o menor. Possui grade de metal e, no centro, vidro basculante. Projeto de Oct\u00e1vio Vecchi, realiza\u00e7\u00e3o de Casa Conrado.<\/p>\n","protected":false},"featured_media":756,"parent":0,"menu_order":0,"comment_status":"closed","ping_status":"closed","template":"","format":"standard","_links":{"self":[{"href":"https:\/\/museuflorestal.ambiente.sp.gov.br\/acervo\/wp-json\/wp\/v2\/tnc_col_329_item\/755"}],"collection":[{"href":"https:\/\/museuflorestal.ambiente.sp.gov.br\/acervo\/wp-json\/wp\/v2\/tnc_col_329_item"}],"about":[{"href":"https:\/\/museuflorestal.ambiente.sp.gov.br\/acervo\/wp-json\/wp\/v2\/types\/tnc_col_329_item"}],"replies":[{"embeddable":true,"href":"https:\/\/museuflorestal.ambiente.sp.gov.br\/acervo\/wp-json\/wp\/v2\/comments?post=755"}],"version-history":[{"count":0,"href":"https:\/\/museuflorestal.ambiente.sp.gov.br\/acervo\/wp-json\/wp\/v2\/tnc_col_329_item\/755\/revisions"}],"wp:featuredmedia":[{"embeddable":true,"href":"https:\/\/museuflorestal.ambiente.sp.gov.br\/acervo\/wp-json\/wp\/v2\/media\/756"}],"wp:attachment":[{"href":"https:\/\/museuflorestal.ambiente.sp.gov.br\/acervo\/wp-json\/wp\/v2\/media?parent=755"}],"curies":[{"name":"wp","href":"https:\/\/api.w.org\/{rel}","templated":true}]}}

<p>Vitral com desenho de duas borboletas simétricas opostas, nas cores azul, vermelho, amarelo e marrom. Nos cantos inferiores há outras duas borboletas simétricas de dimensão menor. Possui grade de metal e, no centro, vidro basculante. Projeto de Octávio Vecchi, realização de Casa Conrado.</p>
