{"id":7650,"date":"2021-11-30T16:18:15","date_gmt":"2021-11-30T18:18:15","guid":{"rendered":"https:\/\/museuflorestal.ambiente.sp.gov.br\/acervo\/?post_type=tnc_col_329_item&#038;p=7650"},"modified":"2021-11-30T16:18:39","modified_gmt":"2021-11-30T18:18:39","slug":"amostra-de-cabreuva-vermelha-em-forma-de-livro-entalhado","status":"publish","type":"tnc_col_329_item","link":"https:\/\/museuflorestal.ambiente.sp.gov.br\/acervo\/museu-florestal-octavio-vecchi\/amostra-de-cabreuva-vermelha-em-forma-de-livro-entalhado\/","title":{"rendered":"Amostra de cabre\u00fava-vermelha em forma de livro entalhado"},"content":{"rendered":"<p>Amostra de madeira em formato de livro, na cor natural da madeira. No capa h\u00e1 o entalhe de galho com folhas e frutos. No verso h\u00e1 uma etiqueta impressa com a inscri\u00e7\u00e3o &#8220;Museu Florestal, S\u00e3o Paulo &#8211; Brasil, Cabreuva vermelha, Myroxylon toluiferun H. P. K. &#8211; Fam. Leguminosae&#8221; e etiqueta com a inscri\u00e7\u00e3o &#8220;MT-374&#8221; a l\u00e1pis. Na parte superior, no miolo, h\u00e1 a inscri\u00e7\u00e3o em baixo relevo &#8220;M631&#8221;. Na lombada, a inscri\u00e7\u00e3o &#8220;2&#8221;.<\/p>\n","protected":false},"featured_media":7651,"parent":0,"menu_order":0,"comment_status":"closed","ping_status":"closed","template":"","format":"standard","_links":{"self":[{"href":"https:\/\/museuflorestal.ambiente.sp.gov.br\/acervo\/wp-json\/wp\/v2\/tnc_col_329_item\/7650"}],"collection":[{"href":"https:\/\/museuflorestal.ambiente.sp.gov.br\/acervo\/wp-json\/wp\/v2\/tnc_col_329_item"}],"about":[{"href":"https:\/\/museuflorestal.ambiente.sp.gov.br\/acervo\/wp-json\/wp\/v2\/types\/tnc_col_329_item"}],"replies":[{"embeddable":true,"href":"https:\/\/museuflorestal.ambiente.sp.gov.br\/acervo\/wp-json\/wp\/v2\/comments?post=7650"}],"version-history":[{"count":0,"href":"https:\/\/museuflorestal.ambiente.sp.gov.br\/acervo\/wp-json\/wp\/v2\/tnc_col_329_item\/7650\/revisions"}],"wp:featuredmedia":[{"embeddable":true,"href":"https:\/\/museuflorestal.ambiente.sp.gov.br\/acervo\/wp-json\/wp\/v2\/media\/7651"}],"wp:attachment":[{"href":"https:\/\/museuflorestal.ambiente.sp.gov.br\/acervo\/wp-json\/wp\/v2\/media?parent=7650"}],"curies":[{"name":"wp","href":"https:\/\/api.w.org\/{rel}","templated":true}]}}

Amostra de cabreúva-vermelha em forma de livro entalhado

<p>Amostra de madeira em formato de livro, na cor natural da madeira. No capa há o entalhe de galho com folhas e frutos. No verso há uma etiqueta impressa com a inscrição &#8220;Museu Florestal, São Paulo &#8211; Brasil, Cabreuva vermelha, Myroxylon toluiferun H. P. K. &#8211; Fam. Leguminosae&#8221; e etiqueta com a inscrição &#8220;MT-374&#8221; a lápis. Na parte superior, no miolo, há a inscrição em baixo relevo &#8220;M631&#8221;. Na lombada, a inscrição &#8220;2&#8221;.</p>
