{"id":7660,"date":"2021-11-30T16:19:53","date_gmt":"2021-11-30T18:19:53","guid":{"rendered":"https:\/\/museuflorestal.ambiente.sp.gov.br\/acervo\/?post_type=tnc_col_329_item&#038;p=7660"},"modified":"2021-11-30T16:19:54","modified_gmt":"2021-11-30T18:19:54","slug":"amostra-de-canela-parda-em-forma-de-livro","status":"publish","type":"tnc_col_329_item","link":"https:\/\/museuflorestal.ambiente.sp.gov.br\/acervo\/museu-florestal-octavio-vecchi\/amostra-de-canela-parda-em-forma-de-livro\/","title":{"rendered":"Amostra de canela-parda em forma de livro"},"content":{"rendered":"<p>Amostra de madeira em formato de livro, na cor natural da madeira. No capa h\u00e1 uma etiqueta impressa com a inscri\u00e7\u00e3o &#8220;Museu Florestal, S\u00e3o Paulo &#8211; Brasil, Canela parda, Nectandra Amara, Meiss. &#8211; Fam. Lauaceae&#8221; e etiqueta com a inscri\u00e7\u00e3o &#8220;MT-375&#8221; a l\u00e1pis. Na parte superior, no miolo, h\u00e1 a inscri\u00e7\u00e3o em baixo relevo &#8220;M630&#8221;.<\/p>\n","protected":false},"featured_media":7661,"parent":0,"menu_order":0,"comment_status":"closed","ping_status":"closed","template":"","format":"standard","_links":{"self":[{"href":"https:\/\/museuflorestal.ambiente.sp.gov.br\/acervo\/wp-json\/wp\/v2\/tnc_col_329_item\/7660"}],"collection":[{"href":"https:\/\/museuflorestal.ambiente.sp.gov.br\/acervo\/wp-json\/wp\/v2\/tnc_col_329_item"}],"about":[{"href":"https:\/\/museuflorestal.ambiente.sp.gov.br\/acervo\/wp-json\/wp\/v2\/types\/tnc_col_329_item"}],"replies":[{"embeddable":true,"href":"https:\/\/museuflorestal.ambiente.sp.gov.br\/acervo\/wp-json\/wp\/v2\/comments?post=7660"}],"version-history":[{"count":0,"href":"https:\/\/museuflorestal.ambiente.sp.gov.br\/acervo\/wp-json\/wp\/v2\/tnc_col_329_item\/7660\/revisions"}],"wp:featuredmedia":[{"embeddable":true,"href":"https:\/\/museuflorestal.ambiente.sp.gov.br\/acervo\/wp-json\/wp\/v2\/media\/7661"}],"wp:attachment":[{"href":"https:\/\/museuflorestal.ambiente.sp.gov.br\/acervo\/wp-json\/wp\/v2\/media?parent=7660"}],"curies":[{"name":"wp","href":"https:\/\/api.w.org\/{rel}","templated":true}]}}

<p>Amostra de madeira em formato de livro, na cor natural da madeira. No capa há uma etiqueta impressa com a inscrição &#8220;Museu Florestal, São Paulo &#8211; Brasil, Canela parda, Nectandra Amara, Meiss. &#8211; Fam. Lauaceae&#8221; e etiqueta com a inscrição &#8220;MT-375&#8221; a lápis. Na parte superior, no miolo, há a inscrição em baixo relevo &#8220;M630&#8221;.</p>
