{"id":7832,"date":"2021-11-30T17:08:36","date_gmt":"2021-11-30T19:08:36","guid":{"rendered":"https:\/\/museuflorestal.ambiente.sp.gov.br\/acervo\/?post_type=tnc_col_329_item&#038;p=7832"},"modified":"2021-11-30T17:08:59","modified_gmt":"2021-11-30T19:08:59","slug":"amostra-de-madeira-nao-identificada-3","status":"publish","type":"tnc_col_329_item","link":"https:\/\/museuflorestal.ambiente.sp.gov.br\/acervo\/museu-florestal-octavio-vecchi\/amostra-de-madeira-nao-identificada-3\/","title":{"rendered":"Amostra de madeira n\u00e3o identificada"},"content":{"rendered":"<p>Amostra quadrada de madeira, na cor natural da madeira. Em uma das faces h\u00e1 a inscri\u00e7\u00e3o &#8220;32&#8221;. Em uma das laterais, possui uma etiqueta com o n\u00famero &#8220;32&#8221; e a inscri\u00e7\u00e3o &#8220;32&#8221;. Em outra lateral h\u00e1 a inscri\u00e7\u00e3o &#8220;24&#8221; e nome ileg\u00edvel.<\/p>\n","protected":false},"featured_media":7833,"parent":0,"menu_order":0,"comment_status":"closed","ping_status":"closed","template":"","format":"standard","_links":{"self":[{"href":"https:\/\/museuflorestal.ambiente.sp.gov.br\/acervo\/wp-json\/wp\/v2\/tnc_col_329_item\/7832"}],"collection":[{"href":"https:\/\/museuflorestal.ambiente.sp.gov.br\/acervo\/wp-json\/wp\/v2\/tnc_col_329_item"}],"about":[{"href":"https:\/\/museuflorestal.ambiente.sp.gov.br\/acervo\/wp-json\/wp\/v2\/types\/tnc_col_329_item"}],"replies":[{"embeddable":true,"href":"https:\/\/museuflorestal.ambiente.sp.gov.br\/acervo\/wp-json\/wp\/v2\/comments?post=7832"}],"version-history":[{"count":0,"href":"https:\/\/museuflorestal.ambiente.sp.gov.br\/acervo\/wp-json\/wp\/v2\/tnc_col_329_item\/7832\/revisions"}],"wp:featuredmedia":[{"embeddable":true,"href":"https:\/\/museuflorestal.ambiente.sp.gov.br\/acervo\/wp-json\/wp\/v2\/media\/7833"}],"wp:attachment":[{"href":"https:\/\/museuflorestal.ambiente.sp.gov.br\/acervo\/wp-json\/wp\/v2\/media?parent=7832"}],"curies":[{"name":"wp","href":"https:\/\/api.w.org\/{rel}","templated":true}]}}

Amostra de madeira não identificada

<p>Amostra quadrada de madeira, na cor natural da madeira. Em uma das faces há a inscrição &#8220;32&#8221;. Em uma das laterais, possui uma etiqueta com o número &#8220;32&#8221; e a inscrição &#8220;32&#8221;. Em outra lateral há a inscrição &#8220;24&#8221; e nome ilegível.</p>
