{"id":7836,"date":"2021-11-30T17:09:46","date_gmt":"2021-11-30T19:09:46","guid":{"rendered":"https:\/\/museuflorestal.ambiente.sp.gov.br\/acervo\/?post_type=tnc_col_329_item&#038;p=7836"},"modified":"2021-11-30T17:10:10","modified_gmt":"2021-11-30T19:10:10","slug":"amostra-de-guaiuvira","status":"publish","type":"tnc_col_329_item","link":"https:\/\/museuflorestal.ambiente.sp.gov.br\/acervo\/museu-florestal-octavio-vecchi\/amostra-de-guaiuvira\/","title":{"rendered":"Amostra de guaiuvira"},"content":{"rendered":"<p>Amostra quadrada de madeira, na cor natural da madeira. Em uma das faces h\u00e1 a inscri\u00e7\u00e3o &#8220;33&#8221;. Em uma das laterais, possui uma etiqueta com o n\u00famero &#8220;33&#8221; e a inscri\u00e7\u00e3o &#8220;33&#8221;. Em outra lateral h\u00e1 a inscri\u00e7\u00e3o &#8220;25 Guayvira&#8221;.<\/p>\n","protected":false},"featured_media":7837,"parent":0,"menu_order":0,"comment_status":"closed","ping_status":"closed","template":"","format":"standard","_links":{"self":[{"href":"https:\/\/museuflorestal.ambiente.sp.gov.br\/acervo\/wp-json\/wp\/v2\/tnc_col_329_item\/7836"}],"collection":[{"href":"https:\/\/museuflorestal.ambiente.sp.gov.br\/acervo\/wp-json\/wp\/v2\/tnc_col_329_item"}],"about":[{"href":"https:\/\/museuflorestal.ambiente.sp.gov.br\/acervo\/wp-json\/wp\/v2\/types\/tnc_col_329_item"}],"replies":[{"embeddable":true,"href":"https:\/\/museuflorestal.ambiente.sp.gov.br\/acervo\/wp-json\/wp\/v2\/comments?post=7836"}],"version-history":[{"count":0,"href":"https:\/\/museuflorestal.ambiente.sp.gov.br\/acervo\/wp-json\/wp\/v2\/tnc_col_329_item\/7836\/revisions"}],"wp:featuredmedia":[{"embeddable":true,"href":"https:\/\/museuflorestal.ambiente.sp.gov.br\/acervo\/wp-json\/wp\/v2\/media\/7837"}],"wp:attachment":[{"href":"https:\/\/museuflorestal.ambiente.sp.gov.br\/acervo\/wp-json\/wp\/v2\/media?parent=7836"}],"curies":[{"name":"wp","href":"https:\/\/api.w.org\/{rel}","templated":true}]}}

<p>Amostra quadrada de madeira, na cor natural da madeira. Em uma das faces há a inscrição &#8220;33&#8221;. Em uma das laterais, possui uma etiqueta com o número &#8220;33&#8221; e a inscrição &#8220;33&#8221;. Em outra lateral há a inscrição &#8220;25 Guayvira&#8221;.</p>
