{"id":7840,"date":"2021-11-30T17:10:58","date_gmt":"2021-11-30T19:10:58","guid":{"rendered":"https:\/\/museuflorestal.ambiente.sp.gov.br\/acervo\/?post_type=tnc_col_329_item&#038;p=7840"},"modified":"2021-11-30T17:11:21","modified_gmt":"2021-11-30T19:11:21","slug":"amostra-de-peroba-mirim","status":"publish","type":"tnc_col_329_item","link":"https:\/\/museuflorestal.ambiente.sp.gov.br\/acervo\/museu-florestal-octavio-vecchi\/amostra-de-peroba-mirim\/","title":{"rendered":"Amostra de peroba-mirim"},"content":{"rendered":"<p>Amostra quadrada de madeira, na cor natural da madeira. Em uma das faces h\u00e1 a inscri\u00e7\u00e3o &#8220;34&#8221;. Em uma das laterais, possui uma etiqueta com o n\u00famero &#8220;34&#8221; e a inscri\u00e7\u00e3o &#8220;34&#8221;. Em outra lateral h\u00e1 a inscri\u00e7\u00e3o &#8220;28 Peroba mirim&#8221;.<\/p>\n","protected":false},"featured_media":7841,"parent":0,"menu_order":0,"comment_status":"closed","ping_status":"closed","template":"","format":"standard","_links":{"self":[{"href":"https:\/\/museuflorestal.ambiente.sp.gov.br\/acervo\/wp-json\/wp\/v2\/tnc_col_329_item\/7840"}],"collection":[{"href":"https:\/\/museuflorestal.ambiente.sp.gov.br\/acervo\/wp-json\/wp\/v2\/tnc_col_329_item"}],"about":[{"href":"https:\/\/museuflorestal.ambiente.sp.gov.br\/acervo\/wp-json\/wp\/v2\/types\/tnc_col_329_item"}],"replies":[{"embeddable":true,"href":"https:\/\/museuflorestal.ambiente.sp.gov.br\/acervo\/wp-json\/wp\/v2\/comments?post=7840"}],"version-history":[{"count":0,"href":"https:\/\/museuflorestal.ambiente.sp.gov.br\/acervo\/wp-json\/wp\/v2\/tnc_col_329_item\/7840\/revisions"}],"wp:featuredmedia":[{"embeddable":true,"href":"https:\/\/museuflorestal.ambiente.sp.gov.br\/acervo\/wp-json\/wp\/v2\/media\/7841"}],"wp:attachment":[{"href":"https:\/\/museuflorestal.ambiente.sp.gov.br\/acervo\/wp-json\/wp\/v2\/media?parent=7840"}],"curies":[{"name":"wp","href":"https:\/\/api.w.org\/{rel}","templated":true}]}}

<p>Amostra quadrada de madeira, na cor natural da madeira. Em uma das faces há a inscrição &#8220;34&#8221;. Em uma das laterais, possui uma etiqueta com o número &#8220;34&#8221; e a inscrição &#8220;34&#8221;. Em outra lateral há a inscrição &#8220;28 Peroba mirim&#8221;.</p>
