{"id":7860,"date":"2021-11-30T17:16:52","date_gmt":"2021-11-30T19:16:52","guid":{"rendered":"https:\/\/museuflorestal.ambiente.sp.gov.br\/acervo\/?post_type=tnc_col_329_item&#038;p=7860"},"modified":"2021-11-30T17:17:15","modified_gmt":"2021-11-30T19:17:15","slug":"amostra-de-jatoba-vermelho","status":"publish","type":"tnc_col_329_item","link":"https:\/\/museuflorestal.ambiente.sp.gov.br\/acervo\/museu-florestal-octavio-vecchi\/amostra-de-jatoba-vermelho\/","title":{"rendered":"Amostra de jatob\u00e1-vermelho"},"content":{"rendered":"<p>Amostra quadrada de madeira, na cor natural da madeira. Em uma das faces h\u00e1 a inscri\u00e7\u00e3o &#8220;39&#8221;. Em uma das laterais, possui uma etiqueta com o n\u00famero &#8220;39&#8221; e a inscri\u00e7\u00e3o &#8220;39&#8221;. Em outra lateral h\u00e1 a inscri\u00e7\u00e3o &#8220;19 Jatoba vermelho&#8221;.<\/p>\n","protected":false},"featured_media":7861,"parent":0,"menu_order":0,"comment_status":"closed","ping_status":"closed","template":"","format":"standard","_links":{"self":[{"href":"https:\/\/museuflorestal.ambiente.sp.gov.br\/acervo\/wp-json\/wp\/v2\/tnc_col_329_item\/7860"}],"collection":[{"href":"https:\/\/museuflorestal.ambiente.sp.gov.br\/acervo\/wp-json\/wp\/v2\/tnc_col_329_item"}],"about":[{"href":"https:\/\/museuflorestal.ambiente.sp.gov.br\/acervo\/wp-json\/wp\/v2\/types\/tnc_col_329_item"}],"replies":[{"embeddable":true,"href":"https:\/\/museuflorestal.ambiente.sp.gov.br\/acervo\/wp-json\/wp\/v2\/comments?post=7860"}],"version-history":[{"count":0,"href":"https:\/\/museuflorestal.ambiente.sp.gov.br\/acervo\/wp-json\/wp\/v2\/tnc_col_329_item\/7860\/revisions"}],"wp:featuredmedia":[{"embeddable":true,"href":"https:\/\/museuflorestal.ambiente.sp.gov.br\/acervo\/wp-json\/wp\/v2\/media\/7861"}],"wp:attachment":[{"href":"https:\/\/museuflorestal.ambiente.sp.gov.br\/acervo\/wp-json\/wp\/v2\/media?parent=7860"}],"curies":[{"name":"wp","href":"https:\/\/api.w.org\/{rel}","templated":true}]}}

Amostra de jatobá-vermelho

<p>Amostra quadrada de madeira, na cor natural da madeira. Em uma das faces há a inscrição &#8220;39&#8221;. Em uma das laterais, possui uma etiqueta com o número &#8220;39&#8221; e a inscrição &#8220;39&#8221;. Em outra lateral há a inscrição &#8220;19 Jatoba vermelho&#8221;.</p>
