{"id":7966,"date":"2021-11-30T17:38:54","date_gmt":"2021-11-30T19:38:54","guid":{"rendered":"https:\/\/museuflorestal.ambiente.sp.gov.br\/acervo\/?post_type=tnc_col_329_item&#038;p=7966"},"modified":"2021-11-30T17:38:58","modified_gmt":"2021-11-30T19:38:58","slug":"quadro-museu-florestal-visitantes-do-museu-durante-os-ultimos-15-anos","status":"publish","type":"tnc_col_329_item","link":"https:\/\/museuflorestal.ambiente.sp.gov.br\/acervo\/museu-florestal-octavio-vecchi\/quadro-museu-florestal-visitantes-do-museu-durante-os-ultimos-15-anos\/","title":{"rendered":"Quadro &#8220;Museu Florestal &#8211; Visitantes do Museu durante os ultimos 15 anos&#8221;"},"content":{"rendered":"<p>Quadro retangular com moldura de madeira em dois n\u00edveis. Est\u00e1 colocado sobre uma base retangular de madeira com dois p\u00e9s e um v\u00e3o no meio. No centro da base h\u00e1 o entalhe &#8220;M621&#8221;. Em uma das extremidades da parte de cima da moldura h\u00e1 uma etiqueta redonda com a inscri\u00e7\u00e3o &#8220;0698&#8221; a l\u00e1pis. O quadro possui o fundo branco e o t\u00edtulo &#8220;Museu Florestal &#8211; Visitantes do Museu durante os ultimos 15 anos&#8221;. Ele \u00e9 composto por um gr\u00e1fico de barras azul que demonstra a quantidade de visitantes do Museu nos per\u00edodos de 1932 a 1936, 1937 a 1941, e 1942 a 1946. No lado inferior esquerdo de quem olha, h\u00e1 a inscri\u00e7\u00e3o manuscrita &#8220;S\u00e3o Paulo 17 de outubro de 1947&#8221;, e no lado inferior direito, uma assinatura sobre o nome &#8220;H\u00e9lio Ferreira Le\u00e3o&#8221; &#8220;Desenhista &#8216;M'&#8221;. Na parte de tr\u00e1s h\u00e1 duas placas de madeira parafusadas para segurar o quadro, e na parte de baixo h\u00e1 dois parafusos grandes.<\/p>\n","protected":false},"featured_media":7967,"parent":0,"menu_order":0,"comment_status":"closed","ping_status":"closed","template":"","format":"standard","_links":{"self":[{"href":"https:\/\/museuflorestal.ambiente.sp.gov.br\/acervo\/wp-json\/wp\/v2\/tnc_col_329_item\/7966"}],"collection":[{"href":"https:\/\/museuflorestal.ambiente.sp.gov.br\/acervo\/wp-json\/wp\/v2\/tnc_col_329_item"}],"about":[{"href":"https:\/\/museuflorestal.ambiente.sp.gov.br\/acervo\/wp-json\/wp\/v2\/types\/tnc_col_329_item"}],"replies":[{"embeddable":true,"href":"https:\/\/museuflorestal.ambiente.sp.gov.br\/acervo\/wp-json\/wp\/v2\/comments?post=7966"}],"version-history":[{"count":0,"href":"https:\/\/museuflorestal.ambiente.sp.gov.br\/acervo\/wp-json\/wp\/v2\/tnc_col_329_item\/7966\/revisions"}],"wp:featuredmedia":[{"embeddable":true,"href":"https:\/\/museuflorestal.ambiente.sp.gov.br\/acervo\/wp-json\/wp\/v2\/media\/7967"}],"wp:attachment":[{"href":"https:\/\/museuflorestal.ambiente.sp.gov.br\/acervo\/wp-json\/wp\/v2\/media?parent=7966"}],"curies":[{"name":"wp","href":"https:\/\/api.w.org\/{rel}","templated":true}]}}

<p>Quadro retangular com moldura de madeira em dois níveis. Está colocado sobre uma base retangular de madeira com dois pés e um vão no meio. No centro da base há o entalhe &#8220;M621&#8221;. Em uma das extremidades da parte de cima da moldura há uma etiqueta redonda com a inscrição &#8220;0698&#8221; a lápis. O quadro possui o fundo branco e o título &#8220;Museu Florestal &#8211; Visitantes do Museu durante os ultimos 15 anos&#8221;. Ele é composto por um gráfico de barras azul que demonstra a quantidade de visitantes do Museu nos períodos de 1932 a 1936, 1937 a 1941, e 1942 a 1946. No lado inferior esquerdo de quem olha, há a inscrição manuscrita &#8220;São Paulo 17 de outubro de 1947&#8221;, e no lado inferior direito, uma assinatura sobre o nome &#8220;Hélio Ferreira Leão&#8221; &#8220;Desenhista &#8216;M'&#8221;. Na parte de trás há duas placas de madeira parafusadas para segurar o quadro, e na parte de baixo há dois parafusos grandes.</p>
