{"id":797,"date":"2021-11-30T11:59:14","date_gmt":"2021-11-30T13:59:14","guid":{"rendered":"https:\/\/museuflorestal.ambiente.sp.gov.br\/acervo\/?post_type=tnc_col_329_item&#038;p=797"},"modified":"2022-02-08T14:17:28","modified_gmt":"2022-02-08T17:17:28","slug":"descobrimento-do-litoral-de-sao-vicente-uma-bandeira-chefiada-pelo-bandeirante-fernao-dias-paes-leme-cidade-de-sao-paulo-com-seus-arranha-ceus","status":"publish","type":"tnc_col_329_item","link":"https:\/\/museuflorestal.ambiente.sp.gov.br\/acervo\/museu-florestal-octavio-vecchi\/descobrimento-do-litoral-de-sao-vicente-uma-bandeira-chefiada-pelo-bandeirante-fernao-dias-paes-leme-cidade-de-sao-paulo-com-seus-arranha-ceus\/","title":{"rendered":"Tr\u00edptico. Descobrimento do litoral de S\u00e3o Vicente. Uma bandeira chefiada pelo bandeirante Fern\u00e3o Dias Paes Leme. Cidade de S\u00e3o Paulo com seus arranha-c\u00e9us"},"content":{"rendered":"<p>Representa\u00e7\u00e3o de Martim Afonso de Souza navegando pelos mares; ao fundo da cena, h\u00e1 uma caravela portuguesa no mar e o c\u00e9u na cor lil\u00e1s. Dentro da embarca\u00e7\u00e3o, na parte inferior, h\u00e1 um homem lendo um livro e outro chicoteando um homem negro. Representa\u00e7\u00e3o de Anhanguera, cercado por bandeirantes, \u00edndios e homens negros, levantando uma arma e com roupas vermelhas rasgadas; ao fundo h\u00e1 embarca\u00e7\u00f5es se aproximando. Representa\u00e7\u00e3o de um homem de costas empurrando um arado em primeiro plano, duas mulheres a sua frente, uma delas segurando uma crian\u00e7a; ao fundo h\u00e1 um ambiente urbano com pr\u00e9dios, constru\u00e7\u00f5es, trabalhadores e um avi\u00e3o sobrevoando no c\u00e9u.<\/p>\n","protected":false},"featured_media":22718,"parent":0,"menu_order":0,"comment_status":"closed","ping_status":"closed","template":"","format":"standard","_links":{"self":[{"href":"https:\/\/museuflorestal.ambiente.sp.gov.br\/acervo\/wp-json\/wp\/v2\/tnc_col_329_item\/797"}],"collection":[{"href":"https:\/\/museuflorestal.ambiente.sp.gov.br\/acervo\/wp-json\/wp\/v2\/tnc_col_329_item"}],"about":[{"href":"https:\/\/museuflorestal.ambiente.sp.gov.br\/acervo\/wp-json\/wp\/v2\/types\/tnc_col_329_item"}],"replies":[{"embeddable":true,"href":"https:\/\/museuflorestal.ambiente.sp.gov.br\/acervo\/wp-json\/wp\/v2\/comments?post=797"}],"version-history":[{"count":6,"href":"https:\/\/museuflorestal.ambiente.sp.gov.br\/acervo\/wp-json\/wp\/v2\/tnc_col_329_item\/797\/revisions"}],"predecessor-version":[{"id":22692,"href":"https:\/\/museuflorestal.ambiente.sp.gov.br\/acervo\/wp-json\/wp\/v2\/tnc_col_329_item\/797\/revisions\/22692"}],"wp:featuredmedia":[{"embeddable":true,"href":"https:\/\/museuflorestal.ambiente.sp.gov.br\/acervo\/wp-json\/wp\/v2\/media\/22718"}],"wp:attachment":[{"href":"https:\/\/museuflorestal.ambiente.sp.gov.br\/acervo\/wp-json\/wp\/v2\/media?parent=797"}],"curies":[{"name":"wp","href":"https:\/\/api.w.org\/{rel}","templated":true}]}}

Tríptico. Descobrimento do litoral de São Vicente. Uma bandeira chefiada pelo bandeirante Fernão Dias Paes Leme. Cidade de São Paulo com seus arranha-céus

<p>Representação de Martim Afonso de Souza navegando pelos mares; ao fundo da cena, há uma caravela portuguesa no mar e o céu na cor lilás. Dentro da embarcação, na parte inferior, há um homem lendo um livro e outro chicoteando um homem negro. Representação de Anhanguera, cercado por bandeirantes, índios e homens negros, levantando uma arma e com roupas vermelhas rasgadas; ao fundo há embarcações se aproximando. Representação de um homem de costas empurrando um arado em primeiro plano, duas mulheres a sua frente, uma delas segurando uma criança; ao fundo há um ambiente urbano com prédios, construções, trabalhadores e um avião sobrevoando no céu.</p>
