{"id":7973,"date":"2021-11-30T17:40:21","date_gmt":"2021-11-30T19:40:21","guid":{"rendered":"https:\/\/museuflorestal.ambiente.sp.gov.br\/acervo\/?post_type=tnc_col_329_item&#038;p=7973"},"modified":"2021-11-30T17:40:45","modified_gmt":"2021-11-30T19:40:45","slug":"caixa-de-madeira","status":"publish","type":"tnc_col_329_item","link":"https:\/\/museuflorestal.ambiente.sp.gov.br\/acervo\/museu-florestal-octavio-vecchi\/caixa-de-madeira\/","title":{"rendered":"Caixa de madeira"},"content":{"rendered":"<p>Caixa retangular de madeira, com tampa presa por duas dobradi\u00e7as met\u00e1licas. Na parte da frente h\u00e1 um fecho pequeno dourado e uma etiqueta redonda com o escrito \u00e0 caneta &#8220;MT-562&#8221;. Na parte interna da tampa, h\u00e1 uma folha de papel com informa\u00e7\u00f5es das pe\u00e7as contidas na caixa. Na folha se v\u00ea o s\u00edmbolo do Instituo Florestal, o t\u00edtulo &#8220;Lista de amostras de madeira&#8221; e os campos &#8220;Nome vulgar&#8221;, com os itens citados em ordem alfab\u00e9tica e enumerados de 1 a 60; &#8220;Nome cient\u00edfico&#8221;; e &#8220;Fam\u00edlia&#8221;. A caixa possui uma divis\u00e3o de madeira e remov\u00edvel na parte interna.<\/p>\n","protected":false},"featured_media":7975,"parent":0,"menu_order":0,"comment_status":"closed","ping_status":"closed","template":"","format":"standard","_links":{"self":[{"href":"https:\/\/museuflorestal.ambiente.sp.gov.br\/acervo\/wp-json\/wp\/v2\/tnc_col_329_item\/7973"}],"collection":[{"href":"https:\/\/museuflorestal.ambiente.sp.gov.br\/acervo\/wp-json\/wp\/v2\/tnc_col_329_item"}],"about":[{"href":"https:\/\/museuflorestal.ambiente.sp.gov.br\/acervo\/wp-json\/wp\/v2\/types\/tnc_col_329_item"}],"replies":[{"embeddable":true,"href":"https:\/\/museuflorestal.ambiente.sp.gov.br\/acervo\/wp-json\/wp\/v2\/comments?post=7973"}],"version-history":[{"count":0,"href":"https:\/\/museuflorestal.ambiente.sp.gov.br\/acervo\/wp-json\/wp\/v2\/tnc_col_329_item\/7973\/revisions"}],"wp:featuredmedia":[{"embeddable":true,"href":"https:\/\/museuflorestal.ambiente.sp.gov.br\/acervo\/wp-json\/wp\/v2\/media\/7975"}],"wp:attachment":[{"href":"https:\/\/museuflorestal.ambiente.sp.gov.br\/acervo\/wp-json\/wp\/v2\/media?parent=7973"}],"curies":[{"name":"wp","href":"https:\/\/api.w.org\/{rel}","templated":true}]}}

<p>Caixa retangular de madeira, com tampa presa por duas dobradiças metálicas. Na parte da frente há um fecho pequeno dourado e uma etiqueta redonda com o escrito à caneta &#8220;MT-562&#8221;. Na parte interna da tampa, há uma folha de papel com informações das peças contidas na caixa. Na folha se vê o símbolo do Instituo Florestal, o título &#8220;Lista de amostras de madeira&#8221; e os campos &#8220;Nome vulgar&#8221;, com os itens citados em ordem alfabética e enumerados de 1 a 60; &#8220;Nome científico&#8221;; e &#8220;Família&#8221;. A caixa possui uma divisão de madeira e removível na parte interna.</p>
