{"id":808,"date":"2021-11-30T11:59:16","date_gmt":"2021-11-30T13:59:16","guid":{"rendered":"https:\/\/museuflorestal.ambiente.sp.gov.br\/acervo\/?post_type=tnc_col_329_item&#038;p=808"},"modified":"2021-11-30T11:59:21","modified_gmt":"2021-11-30T13:59:21","slug":"octavio-vecchi","status":"publish","type":"tnc_col_329_item","link":"https:\/\/museuflorestal.ambiente.sp.gov.br\/acervo\/museu-florestal-octavio-vecchi\/octavio-vecchi\/","title":{"rendered":"Oct\u00e1vio Vecchi"},"content":{"rendered":"<p>\u00d3leo sobre tela de retrato de Oct\u00e1vio Vecchi. Ele est\u00e1 trajando terno com gravata cinza, possui bigode e ao fundo, h\u00e1 livros em prateleiras. No canto inferior esquerdo h\u00e1 a assinatura &#8220;M. Souza Gomes, 929&#8221;. No verso, chassi de madeira.<\/p>\n","protected":false},"featured_media":813,"parent":0,"menu_order":0,"comment_status":"closed","ping_status":"closed","template":"","format":"standard","_links":{"self":[{"href":"https:\/\/museuflorestal.ambiente.sp.gov.br\/acervo\/wp-json\/wp\/v2\/tnc_col_329_item\/808"}],"collection":[{"href":"https:\/\/museuflorestal.ambiente.sp.gov.br\/acervo\/wp-json\/wp\/v2\/tnc_col_329_item"}],"about":[{"href":"https:\/\/museuflorestal.ambiente.sp.gov.br\/acervo\/wp-json\/wp\/v2\/types\/tnc_col_329_item"}],"replies":[{"embeddable":true,"href":"https:\/\/museuflorestal.ambiente.sp.gov.br\/acervo\/wp-json\/wp\/v2\/comments?post=808"}],"version-history":[{"count":0,"href":"https:\/\/museuflorestal.ambiente.sp.gov.br\/acervo\/wp-json\/wp\/v2\/tnc_col_329_item\/808\/revisions"}],"wp:featuredmedia":[{"embeddable":true,"href":"https:\/\/museuflorestal.ambiente.sp.gov.br\/acervo\/wp-json\/wp\/v2\/media\/813"}],"wp:attachment":[{"href":"https:\/\/museuflorestal.ambiente.sp.gov.br\/acervo\/wp-json\/wp\/v2\/media?parent=808"}],"curies":[{"name":"wp","href":"https:\/\/api.w.org\/{rel}","templated":true}]}}

Octávio Vecchi

<p>Óleo sobre tela de retrato de Octávio Vecchi. Ele está trajando terno com gravata cinza, possui bigode e ao fundo, há livros em prateleiras. No canto inferior esquerdo há a assinatura &#8220;M. Souza Gomes, 929&#8221;. No verso, chassi de madeira.</p>
