{"id":8111,"date":"2021-11-30T18:02:09","date_gmt":"2021-11-30T20:02:09","guid":{"rendered":"https:\/\/museuflorestal.ambiente.sp.gov.br\/acervo\/?post_type=tnc_col_329_item&#038;p=8111"},"modified":"2021-11-30T18:02:17","modified_gmt":"2021-11-30T20:02:17","slug":"amostra-de-arariba-rajado-e-arariba-vermelho","status":"publish","type":"tnc_col_329_item","link":"https:\/\/museuflorestal.ambiente.sp.gov.br\/acervo\/museu-florestal-octavio-vecchi\/amostra-de-arariba-rajado-e-arariba-vermelho\/","title":{"rendered":"Amostra de ararib\u00e1-rajado e ararib\u00e1-vermelho"},"content":{"rendered":"<p>Amostra retangular de madeira. Em cada face, uma metade est\u00e1 com verniz e outra na cor natural. Possui a inscri\u00e7\u00e3o em baixo relevo &#8220;3&#8221; e uma etiqueta com a inscri\u00e7\u00e3o &#8220;Ararib\u00e1 rajado&#8221; em uma das faces, e na outra, a inscri\u00e7\u00e3o em baixo relevo &#8220;4&#8221; e etiqueta com a inscri\u00e7\u00e3o &#8220;Ararib\u00e1 vermelho&#8221;.<\/p>\n","protected":false},"featured_media":8112,"parent":0,"menu_order":0,"comment_status":"closed","ping_status":"closed","template":"","format":"standard","_links":{"self":[{"href":"https:\/\/museuflorestal.ambiente.sp.gov.br\/acervo\/wp-json\/wp\/v2\/tnc_col_329_item\/8111"}],"collection":[{"href":"https:\/\/museuflorestal.ambiente.sp.gov.br\/acervo\/wp-json\/wp\/v2\/tnc_col_329_item"}],"about":[{"href":"https:\/\/museuflorestal.ambiente.sp.gov.br\/acervo\/wp-json\/wp\/v2\/types\/tnc_col_329_item"}],"replies":[{"embeddable":true,"href":"https:\/\/museuflorestal.ambiente.sp.gov.br\/acervo\/wp-json\/wp\/v2\/comments?post=8111"}],"version-history":[{"count":0,"href":"https:\/\/museuflorestal.ambiente.sp.gov.br\/acervo\/wp-json\/wp\/v2\/tnc_col_329_item\/8111\/revisions"}],"wp:featuredmedia":[{"embeddable":true,"href":"https:\/\/museuflorestal.ambiente.sp.gov.br\/acervo\/wp-json\/wp\/v2\/media\/8112"}],"wp:attachment":[{"href":"https:\/\/museuflorestal.ambiente.sp.gov.br\/acervo\/wp-json\/wp\/v2\/media?parent=8111"}],"curies":[{"name":"wp","href":"https:\/\/api.w.org\/{rel}","templated":true}]}}

Amostra de araribá-rajado e araribá-vermelho

<p>Amostra retangular de madeira. Em cada face, uma metade está com verniz e outra na cor natural. Possui a inscrição em baixo relevo &#8220;3&#8221; e uma etiqueta com a inscrição &#8220;Araribá rajado&#8221; em uma das faces, e na outra, a inscrição em baixo relevo &#8220;4&#8221; e etiqueta com a inscrição &#8220;Araribá vermelho&#8221;.</p>
