{"id":8127,"date":"2021-11-30T18:03:36","date_gmt":"2021-11-30T20:03:36","guid":{"rendered":"https:\/\/museuflorestal.ambiente.sp.gov.br\/acervo\/?post_type=tnc_col_329_item&#038;p=8127"},"modified":"2021-11-30T18:03:44","modified_gmt":"2021-11-30T20:03:44","slug":"amostra-de-bracui-de-pedra-e-canela","status":"publish","type":"tnc_col_329_item","link":"https:\/\/museuflorestal.ambiente.sp.gov.br\/acervo\/museu-florestal-octavio-vecchi\/amostra-de-bracui-de-pedra-e-canela\/","title":{"rendered":"Amostra de bracu\u00ed-de-pedra e canela"},"content":{"rendered":"<p>Amostra retangular de madeira. Em cada face, uma metade est\u00e1 com verniz e outra na cor natural. Possui a inscri\u00e7\u00e3o em baixo relevo &#8220;13&#8221; e uma etiqueta com a inscri\u00e7\u00e3o &#8220;Bracu\u00ed de pedra&#8221; em uma das faces, e na outra, a inscri\u00e7\u00e3o em baixo relevo &#8220;14&#8221; e etiqueta com a inscri\u00e7\u00e3o &#8220;Canela&#8221;.<\/p>\n","protected":false},"featured_media":8128,"parent":0,"menu_order":0,"comment_status":"closed","ping_status":"closed","template":"","format":"standard","_links":{"self":[{"href":"https:\/\/museuflorestal.ambiente.sp.gov.br\/acervo\/wp-json\/wp\/v2\/tnc_col_329_item\/8127"}],"collection":[{"href":"https:\/\/museuflorestal.ambiente.sp.gov.br\/acervo\/wp-json\/wp\/v2\/tnc_col_329_item"}],"about":[{"href":"https:\/\/museuflorestal.ambiente.sp.gov.br\/acervo\/wp-json\/wp\/v2\/types\/tnc_col_329_item"}],"replies":[{"embeddable":true,"href":"https:\/\/museuflorestal.ambiente.sp.gov.br\/acervo\/wp-json\/wp\/v2\/comments?post=8127"}],"version-history":[{"count":0,"href":"https:\/\/museuflorestal.ambiente.sp.gov.br\/acervo\/wp-json\/wp\/v2\/tnc_col_329_item\/8127\/revisions"}],"wp:featuredmedia":[{"embeddable":true,"href":"https:\/\/museuflorestal.ambiente.sp.gov.br\/acervo\/wp-json\/wp\/v2\/media\/8128"}],"wp:attachment":[{"href":"https:\/\/museuflorestal.ambiente.sp.gov.br\/acervo\/wp-json\/wp\/v2\/media?parent=8127"}],"curies":[{"name":"wp","href":"https:\/\/api.w.org\/{rel}","templated":true}]}}

Amostra de bracuí-de-pedra e canela

<p>Amostra retangular de madeira. Em cada face, uma metade está com verniz e outra na cor natural. Possui a inscrição em baixo relevo &#8220;13&#8221; e uma etiqueta com a inscrição &#8220;Bracuí de pedra&#8221; em uma das faces, e na outra, a inscrição em baixo relevo &#8220;14&#8221; e etiqueta com a inscrição &#8220;Canela&#8221;.</p>
