{"id":8142,"date":"2021-11-30T18:04:53","date_gmt":"2021-11-30T20:04:53","guid":{"rendered":"https:\/\/museuflorestal.ambiente.sp.gov.br\/acervo\/?post_type=tnc_col_329_item&#038;p=8142"},"modified":"2021-11-30T18:05:02","modified_gmt":"2021-11-30T20:05:02","slug":"amostra-de-canela-de-santa-catarina-e-canela-raiz","status":"publish","type":"tnc_col_329_item","link":"https:\/\/museuflorestal.ambiente.sp.gov.br\/acervo\/museu-florestal-octavio-vecchi\/amostra-de-canela-de-santa-catarina-e-canela-raiz\/","title":{"rendered":"Amostra de canela de Santa Catarina e canela raiz"},"content":{"rendered":"<p>Amostra retangular de madeira. Em cada face, uma metade est\u00e1 com verniz e outra na cor natural. Possui a inscri\u00e7\u00e3o em baixo relevo &#8220;25&#8221; e uma etiqueta com a inscri\u00e7\u00e3o &#8220;Canela de Santa Catarina&#8221; em uma das faces, e na outra, a inscri\u00e7\u00e3o em baixo relevo &#8220;26&#8221; e etiqueta com a inscri\u00e7\u00e3o &#8220;Canela ra\u00eds&#8221;.<\/p>\n","protected":false},"featured_media":8143,"parent":0,"menu_order":0,"comment_status":"closed","ping_status":"closed","template":"","format":"standard","_links":{"self":[{"href":"https:\/\/museuflorestal.ambiente.sp.gov.br\/acervo\/wp-json\/wp\/v2\/tnc_col_329_item\/8142"}],"collection":[{"href":"https:\/\/museuflorestal.ambiente.sp.gov.br\/acervo\/wp-json\/wp\/v2\/tnc_col_329_item"}],"about":[{"href":"https:\/\/museuflorestal.ambiente.sp.gov.br\/acervo\/wp-json\/wp\/v2\/types\/tnc_col_329_item"}],"replies":[{"embeddable":true,"href":"https:\/\/museuflorestal.ambiente.sp.gov.br\/acervo\/wp-json\/wp\/v2\/comments?post=8142"}],"version-history":[{"count":0,"href":"https:\/\/museuflorestal.ambiente.sp.gov.br\/acervo\/wp-json\/wp\/v2\/tnc_col_329_item\/8142\/revisions"}],"wp:featuredmedia":[{"embeddable":true,"href":"https:\/\/museuflorestal.ambiente.sp.gov.br\/acervo\/wp-json\/wp\/v2\/media\/8143"}],"wp:attachment":[{"href":"https:\/\/museuflorestal.ambiente.sp.gov.br\/acervo\/wp-json\/wp\/v2\/media?parent=8142"}],"curies":[{"name":"wp","href":"https:\/\/api.w.org\/{rel}","templated":true}]}}

<p>Amostra retangular de madeira. Em cada face, uma metade está com verniz e outra na cor natural. Possui a inscrição em baixo relevo &#8220;25&#8221; e uma etiqueta com a inscrição &#8220;Canela de Santa Catarina&#8221; em uma das faces, e na outra, a inscrição em baixo relevo &#8220;26&#8221; e etiqueta com a inscrição &#8220;Canela raís&#8221;.</p>
