{"id":8160,"date":"2021-11-30T18:06:31","date_gmt":"2021-11-30T20:06:31","guid":{"rendered":"https:\/\/museuflorestal.ambiente.sp.gov.br\/acervo\/?post_type=tnc_col_329_item&#038;p=8160"},"modified":"2021-11-30T18:06:39","modified_gmt":"2021-11-30T20:06:39","slug":"amostra-de-caviuna-e-caviuna-rajada","status":"publish","type":"tnc_col_329_item","link":"https:\/\/museuflorestal.ambiente.sp.gov.br\/acervo\/museu-florestal-octavio-vecchi\/amostra-de-caviuna-e-caviuna-rajada\/","title":{"rendered":"Amostra de cavi\u00fana e cavi\u00fana-rajada"},"content":{"rendered":"<p>Amostra retangular de madeira. Em cada face, uma metade est\u00e1 com verniz e outra na cor natural. Possui a inscri\u00e7\u00e3o em baixo relevo &#8220;39&#8221; e uma etiqueta com a inscri\u00e7\u00e3o &#8220;Cavi\u00fana&#8221; em uma das faces, e na outra, a inscri\u00e7\u00e3o em baixo relevo &#8220;40&#8221; e etiqueta com a inscri\u00e7\u00e3o &#8220;Cavi\u00fana rajada&#8221;.<\/p>\n","protected":false},"featured_media":8161,"parent":0,"menu_order":0,"comment_status":"closed","ping_status":"closed","template":"","format":"standard","_links":{"self":[{"href":"https:\/\/museuflorestal.ambiente.sp.gov.br\/acervo\/wp-json\/wp\/v2\/tnc_col_329_item\/8160"}],"collection":[{"href":"https:\/\/museuflorestal.ambiente.sp.gov.br\/acervo\/wp-json\/wp\/v2\/tnc_col_329_item"}],"about":[{"href":"https:\/\/museuflorestal.ambiente.sp.gov.br\/acervo\/wp-json\/wp\/v2\/types\/tnc_col_329_item"}],"replies":[{"embeddable":true,"href":"https:\/\/museuflorestal.ambiente.sp.gov.br\/acervo\/wp-json\/wp\/v2\/comments?post=8160"}],"version-history":[{"count":0,"href":"https:\/\/museuflorestal.ambiente.sp.gov.br\/acervo\/wp-json\/wp\/v2\/tnc_col_329_item\/8160\/revisions"}],"wp:featuredmedia":[{"embeddable":true,"href":"https:\/\/museuflorestal.ambiente.sp.gov.br\/acervo\/wp-json\/wp\/v2\/media\/8161"}],"wp:attachment":[{"href":"https:\/\/museuflorestal.ambiente.sp.gov.br\/acervo\/wp-json\/wp\/v2\/media?parent=8160"}],"curies":[{"name":"wp","href":"https:\/\/api.w.org\/{rel}","templated":true}]}}

Amostra de caviúna e caviúna-rajada

<p>Amostra retangular de madeira. Em cada face, uma metade está com verniz e outra na cor natural. Possui a inscrição em baixo relevo &#8220;39&#8221; e uma etiqueta com a inscrição &#8220;Caviúna&#8221; em uma das faces, e na outra, a inscrição em baixo relevo &#8220;40&#8221; e etiqueta com a inscrição &#8220;Caviúna rajada&#8221;.</p>
