{"id":8170,"date":"2021-11-30T18:07:27","date_gmt":"2021-11-30T20:07:27","guid":{"rendered":"https:\/\/museuflorestal.ambiente.sp.gov.br\/acervo\/?post_type=tnc_col_329_item&#038;p=8170"},"modified":"2021-11-30T18:07:35","modified_gmt":"2021-11-30T20:07:35","slug":"amostra-de-cedro-chamalotado-e-raiz-nome-ilegivel","status":"publish","type":"tnc_col_329_item","link":"https:\/\/museuflorestal.ambiente.sp.gov.br\/acervo\/museu-florestal-octavio-vecchi\/amostra-de-cedro-chamalotado-e-raiz-nome-ilegivel\/","title":{"rendered":"Amostra de cedro-chamalotado e raiz [nome ileg\u00edvel]"},"content":{"rendered":"<p>Amostra retangular de madeira. Em cada face, uma metade est\u00e1 com verniz e outra na cor natural. Possui a inscri\u00e7\u00e3o em baixo relevo &#8220;45&#8221; e uma etiqueta com a inscri\u00e7\u00e3o &#8220;Ra\u00eds de&#8221; com o restante do nome ileg\u00edvel em uma das faces, e na outra, a inscri\u00e7\u00e3o em baixo relevo &#8220;46&#8221; e etiqueta com a inscri\u00e7\u00e3o &#8220;Cedro chamalotado&#8221;.<\/p>\n","protected":false},"featured_media":8171,"parent":0,"menu_order":0,"comment_status":"closed","ping_status":"closed","template":"","format":"standard","_links":{"self":[{"href":"https:\/\/museuflorestal.ambiente.sp.gov.br\/acervo\/wp-json\/wp\/v2\/tnc_col_329_item\/8170"}],"collection":[{"href":"https:\/\/museuflorestal.ambiente.sp.gov.br\/acervo\/wp-json\/wp\/v2\/tnc_col_329_item"}],"about":[{"href":"https:\/\/museuflorestal.ambiente.sp.gov.br\/acervo\/wp-json\/wp\/v2\/types\/tnc_col_329_item"}],"replies":[{"embeddable":true,"href":"https:\/\/museuflorestal.ambiente.sp.gov.br\/acervo\/wp-json\/wp\/v2\/comments?post=8170"}],"version-history":[{"count":0,"href":"https:\/\/museuflorestal.ambiente.sp.gov.br\/acervo\/wp-json\/wp\/v2\/tnc_col_329_item\/8170\/revisions"}],"wp:featuredmedia":[{"embeddable":true,"href":"https:\/\/museuflorestal.ambiente.sp.gov.br\/acervo\/wp-json\/wp\/v2\/media\/8171"}],"wp:attachment":[{"href":"https:\/\/museuflorestal.ambiente.sp.gov.br\/acervo\/wp-json\/wp\/v2\/media?parent=8170"}],"curies":[{"name":"wp","href":"https:\/\/api.w.org\/{rel}","templated":true}]}}

Amostra de cedro-chamalotado e raiz [nome ilegível]

<p>Amostra retangular de madeira. Em cada face, uma metade está com verniz e outra na cor natural. Possui a inscrição em baixo relevo &#8220;45&#8221; e uma etiqueta com a inscrição &#8220;Raís de&#8221; com o restante do nome ilegível em uma das faces, e na outra, a inscrição em baixo relevo &#8220;46&#8221; e etiqueta com a inscrição &#8220;Cedro chamalotado&#8221;.</p>
