{"id":8185,"date":"2021-11-30T18:08:48","date_gmt":"2021-11-30T20:08:48","guid":{"rendered":"https:\/\/museuflorestal.ambiente.sp.gov.br\/acervo\/?post_type=tnc_col_329_item&#038;p=8185"},"modified":"2021-11-30T18:08:56","modified_gmt":"2021-11-30T20:08:56","slug":"amostra-de-chimbo-ou-timbo-e-raiz-do-chimbo","status":"publish","type":"tnc_col_329_item","link":"https:\/\/museuflorestal.ambiente.sp.gov.br\/acervo\/museu-florestal-octavio-vecchi\/amostra-de-chimbo-ou-timbo-e-raiz-do-chimbo\/","title":{"rendered":"Amostra de chimb\u00f3 ou timb\u00f3, e raiz do chimb\u00f3"},"content":{"rendered":"<p>Amostra retangular de madeira. Em cada face, uma metade est\u00e1 com verniz e outra na cor natural. Possui a inscri\u00e7\u00e3o em baixo relevo &#8220;55&#8221; e uma etiqueta com a inscri\u00e7\u00e3o &#8220;Chimb\u00f3 ou timb\u00f3&#8221; em uma das faces, e na outra, a inscri\u00e7\u00e3o em baixo relevo &#8220;56&#8221; e etiqueta com a inscri\u00e7\u00e3o &#8220;Ra\u00eds do chimb\u00f3&#8221;.<\/p>\n","protected":false},"featured_media":8186,"parent":0,"menu_order":0,"comment_status":"closed","ping_status":"closed","template":"","format":"standard","_links":{"self":[{"href":"https:\/\/museuflorestal.ambiente.sp.gov.br\/acervo\/wp-json\/wp\/v2\/tnc_col_329_item\/8185"}],"collection":[{"href":"https:\/\/museuflorestal.ambiente.sp.gov.br\/acervo\/wp-json\/wp\/v2\/tnc_col_329_item"}],"about":[{"href":"https:\/\/museuflorestal.ambiente.sp.gov.br\/acervo\/wp-json\/wp\/v2\/types\/tnc_col_329_item"}],"replies":[{"embeddable":true,"href":"https:\/\/museuflorestal.ambiente.sp.gov.br\/acervo\/wp-json\/wp\/v2\/comments?post=8185"}],"version-history":[{"count":0,"href":"https:\/\/museuflorestal.ambiente.sp.gov.br\/acervo\/wp-json\/wp\/v2\/tnc_col_329_item\/8185\/revisions"}],"wp:featuredmedia":[{"embeddable":true,"href":"https:\/\/museuflorestal.ambiente.sp.gov.br\/acervo\/wp-json\/wp\/v2\/media\/8186"}],"wp:attachment":[{"href":"https:\/\/museuflorestal.ambiente.sp.gov.br\/acervo\/wp-json\/wp\/v2\/media?parent=8185"}],"curies":[{"name":"wp","href":"https:\/\/api.w.org\/{rel}","templated":true}]}}

Amostra de chimbó ou timbó, e raiz do chimbó

<p>Amostra retangular de madeira. Em cada face, uma metade está com verniz e outra na cor natural. Possui a inscrição em baixo relevo &#8220;55&#8221; e uma etiqueta com a inscrição &#8220;Chimbó ou timbó&#8221; em uma das faces, e na outra, a inscrição em baixo relevo &#8220;56&#8221; e etiqueta com a inscrição &#8220;Raís do chimbó&#8221;.</p>
