{"id":8198,"date":"2021-11-30T18:09:59","date_gmt":"2021-11-30T20:09:59","guid":{"rendered":"https:\/\/museuflorestal.ambiente.sp.gov.br\/acervo\/?post_type=tnc_col_329_item&#038;p=8198"},"modified":"2021-11-30T18:10:07","modified_gmt":"2021-11-30T20:10:07","slug":"amostra-de-cabreuva-vermelha-e-eucalipto","status":"publish","type":"tnc_col_329_item","link":"https:\/\/museuflorestal.ambiente.sp.gov.br\/acervo\/museu-florestal-octavio-vecchi\/amostra-de-cabreuva-vermelha-e-eucalipto\/","title":{"rendered":"Amostra de cabre\u00fava-vermelha e eucalipto"},"content":{"rendered":"<p>Amostra retangular de madeira. Em cada face, uma metade est\u00e1 com verniz e outra na cor natural. Possui a inscri\u00e7\u00e3o em baixo relevo &#8220;63&#8221; e uma etiqueta com a inscri\u00e7\u00e3o &#8220;Cabre\u00fava vermelha&#8221; em uma das faces, e na outra, a inscri\u00e7\u00e3o em baixo relevo &#8220;64&#8221; e etiqueta com a inscri\u00e7\u00e3o &#8220;Eucalypto&#8221;.<\/p>\n","protected":false},"featured_media":8199,"parent":0,"menu_order":0,"comment_status":"closed","ping_status":"closed","template":"","format":"standard","_links":{"self":[{"href":"https:\/\/museuflorestal.ambiente.sp.gov.br\/acervo\/wp-json\/wp\/v2\/tnc_col_329_item\/8198"}],"collection":[{"href":"https:\/\/museuflorestal.ambiente.sp.gov.br\/acervo\/wp-json\/wp\/v2\/tnc_col_329_item"}],"about":[{"href":"https:\/\/museuflorestal.ambiente.sp.gov.br\/acervo\/wp-json\/wp\/v2\/types\/tnc_col_329_item"}],"replies":[{"embeddable":true,"href":"https:\/\/museuflorestal.ambiente.sp.gov.br\/acervo\/wp-json\/wp\/v2\/comments?post=8198"}],"version-history":[{"count":0,"href":"https:\/\/museuflorestal.ambiente.sp.gov.br\/acervo\/wp-json\/wp\/v2\/tnc_col_329_item\/8198\/revisions"}],"wp:featuredmedia":[{"embeddable":true,"href":"https:\/\/museuflorestal.ambiente.sp.gov.br\/acervo\/wp-json\/wp\/v2\/media\/8199"}],"wp:attachment":[{"href":"https:\/\/museuflorestal.ambiente.sp.gov.br\/acervo\/wp-json\/wp\/v2\/media?parent=8198"}],"curies":[{"name":"wp","href":"https:\/\/api.w.org\/{rel}","templated":true}]}}

Amostra de cabreúva-vermelha e eucalipto

<p>Amostra retangular de madeira. Em cada face, uma metade está com verniz e outra na cor natural. Possui a inscrição em baixo relevo &#8220;63&#8221; e uma etiqueta com a inscrição &#8220;Cabreúva vermelha&#8221; em uma das faces, e na outra, a inscrição em baixo relevo &#8220;64&#8221; e etiqueta com a inscrição &#8220;Eucalypto&#8221;.</p>
