{"id":8204,"date":"2021-11-30T18:10:31","date_gmt":"2021-11-30T20:10:31","guid":{"rendered":"https:\/\/museuflorestal.ambiente.sp.gov.br\/acervo\/?post_type=tnc_col_329_item&#038;p=8204"},"modified":"2021-11-30T18:10:38","modified_gmt":"2021-11-30T20:10:38","slug":"amostra-de-guaiuvira-4","status":"publish","type":"tnc_col_329_item","link":"https:\/\/museuflorestal.ambiente.sp.gov.br\/acervo\/museu-florestal-octavio-vecchi\/amostra-de-guaiuvira-4\/","title":{"rendered":"Amostra de guaiuvira"},"content":{"rendered":"<p>Amostra retangular de madeira. Em cada face, uma metade est\u00e1 com verniz e outra na cor natural. Possui a inscri\u00e7\u00e3o em baixo relevo &#8220;69&#8221; e uma etiqueta com a inscri\u00e7\u00e3o &#8220;Guaiuvira&#8221; em uma das faces, e na outra, a inscri\u00e7\u00e3o em baixo relevo &#8220;70&#8221; e etiqueta com a inscri\u00e7\u00e3o &#8220;Guaiuvira&#8221;.<\/p>\n","protected":false},"featured_media":8205,"parent":0,"menu_order":0,"comment_status":"closed","ping_status":"closed","template":"","format":"standard","_links":{"self":[{"href":"https:\/\/museuflorestal.ambiente.sp.gov.br\/acervo\/wp-json\/wp\/v2\/tnc_col_329_item\/8204"}],"collection":[{"href":"https:\/\/museuflorestal.ambiente.sp.gov.br\/acervo\/wp-json\/wp\/v2\/tnc_col_329_item"}],"about":[{"href":"https:\/\/museuflorestal.ambiente.sp.gov.br\/acervo\/wp-json\/wp\/v2\/types\/tnc_col_329_item"}],"replies":[{"embeddable":true,"href":"https:\/\/museuflorestal.ambiente.sp.gov.br\/acervo\/wp-json\/wp\/v2\/comments?post=8204"}],"version-history":[{"count":0,"href":"https:\/\/museuflorestal.ambiente.sp.gov.br\/acervo\/wp-json\/wp\/v2\/tnc_col_329_item\/8204\/revisions"}],"wp:featuredmedia":[{"embeddable":true,"href":"https:\/\/museuflorestal.ambiente.sp.gov.br\/acervo\/wp-json\/wp\/v2\/media\/8205"}],"wp:attachment":[{"href":"https:\/\/museuflorestal.ambiente.sp.gov.br\/acervo\/wp-json\/wp\/v2\/media?parent=8204"}],"curies":[{"name":"wp","href":"https:\/\/api.w.org\/{rel}","templated":true}]}}

<p>Amostra retangular de madeira. Em cada face, uma metade está com verniz e outra na cor natural. Possui a inscrição em baixo relevo &#8220;69&#8221; e uma etiqueta com a inscrição &#8220;Guaiuvira&#8221; em uma das faces, e na outra, a inscrição em baixo relevo &#8220;70&#8221; e etiqueta com a inscrição &#8220;Guaiuvira&#8221;.</p>
