{"id":8224,"date":"2021-11-30T18:12:21","date_gmt":"2021-11-30T20:12:21","guid":{"rendered":"https:\/\/museuflorestal.ambiente.sp.gov.br\/acervo\/?post_type=tnc_col_329_item&#038;p=8224"},"modified":"2021-11-30T18:12:29","modified_gmt":"2021-11-30T20:12:29","slug":"amostra-de-ipe-amarelo-e-ipe-tabaco","status":"publish","type":"tnc_col_329_item","link":"https:\/\/museuflorestal.ambiente.sp.gov.br\/acervo\/museu-florestal-octavio-vecchi\/amostra-de-ipe-amarelo-e-ipe-tabaco\/","title":{"rendered":"Amostra de ip\u00ea-amarelo e ip\u00ea-tabaco"},"content":{"rendered":"<p>Amostra retangular de madeira. Em cada face, uma metade est\u00e1 com verniz e outra na cor natural. Possui a inscri\u00e7\u00e3o em baixo relevo &#8220;81&#8221; e uma etiqueta com a inscri\u00e7\u00e3o &#8220;Ip\u00ea amarelo&#8221; em uma das faces, e na outra, a inscri\u00e7\u00e3o em baixo relevo &#8220;82&#8221; e etiqueta com a inscri\u00e7\u00e3o &#8220;Ip\u00ea tabaco&#8221;.<\/p>\n","protected":false},"featured_media":8225,"parent":0,"menu_order":0,"comment_status":"closed","ping_status":"closed","template":"","format":"standard","_links":{"self":[{"href":"https:\/\/museuflorestal.ambiente.sp.gov.br\/acervo\/wp-json\/wp\/v2\/tnc_col_329_item\/8224"}],"collection":[{"href":"https:\/\/museuflorestal.ambiente.sp.gov.br\/acervo\/wp-json\/wp\/v2\/tnc_col_329_item"}],"about":[{"href":"https:\/\/museuflorestal.ambiente.sp.gov.br\/acervo\/wp-json\/wp\/v2\/types\/tnc_col_329_item"}],"replies":[{"embeddable":true,"href":"https:\/\/museuflorestal.ambiente.sp.gov.br\/acervo\/wp-json\/wp\/v2\/comments?post=8224"}],"version-history":[{"count":0,"href":"https:\/\/museuflorestal.ambiente.sp.gov.br\/acervo\/wp-json\/wp\/v2\/tnc_col_329_item\/8224\/revisions"}],"wp:featuredmedia":[{"embeddable":true,"href":"https:\/\/museuflorestal.ambiente.sp.gov.br\/acervo\/wp-json\/wp\/v2\/media\/8225"}],"wp:attachment":[{"href":"https:\/\/museuflorestal.ambiente.sp.gov.br\/acervo\/wp-json\/wp\/v2\/media?parent=8224"}],"curies":[{"name":"wp","href":"https:\/\/api.w.org\/{rel}","templated":true}]}}

Amostra de ipê-amarelo e ipê-tabaco

<p>Amostra retangular de madeira. Em cada face, uma metade está com verniz e outra na cor natural. Possui a inscrição em baixo relevo &#8220;81&#8221; e uma etiqueta com a inscrição &#8220;Ipê amarelo&#8221; em uma das faces, e na outra, a inscrição em baixo relevo &#8220;82&#8221; e etiqueta com a inscrição &#8220;Ipê tabaco&#8221;.</p>
