{"id":8227,"date":"2021-11-30T18:12:36","date_gmt":"2021-11-30T20:12:36","guid":{"rendered":"https:\/\/museuflorestal.ambiente.sp.gov.br\/acervo\/?post_type=tnc_col_329_item&#038;p=8227"},"modified":"2021-11-30T18:12:44","modified_gmt":"2021-11-30T20:12:44","slug":"amostra-de-imbira-e-imbirucu","status":"publish","type":"tnc_col_329_item","link":"https:\/\/museuflorestal.ambiente.sp.gov.br\/acervo\/museu-florestal-octavio-vecchi\/amostra-de-imbira-e-imbirucu\/","title":{"rendered":"Amostra de imbira e imbiru\u00e7u"},"content":{"rendered":"<p>Amostra retangular de madeira. Em cada face, uma metade est\u00e1 com verniz e outra na cor natural. Possui a inscri\u00e7\u00e3o em baixo relevo &#8220;83&#8221; e uma etiqueta com a inscri\u00e7\u00e3o &#8220;Imbira&#8221; em uma das faces, e na outra, a inscri\u00e7\u00e3o em baixo relevo &#8220;84&#8221; e etiqueta com a inscri\u00e7\u00e3o &#8220;Imbiruss\u00fa&#8221;.<\/p>\n","protected":false},"featured_media":8228,"parent":0,"menu_order":0,"comment_status":"closed","ping_status":"closed","template":"","format":"standard","_links":{"self":[{"href":"https:\/\/museuflorestal.ambiente.sp.gov.br\/acervo\/wp-json\/wp\/v2\/tnc_col_329_item\/8227"}],"collection":[{"href":"https:\/\/museuflorestal.ambiente.sp.gov.br\/acervo\/wp-json\/wp\/v2\/tnc_col_329_item"}],"about":[{"href":"https:\/\/museuflorestal.ambiente.sp.gov.br\/acervo\/wp-json\/wp\/v2\/types\/tnc_col_329_item"}],"replies":[{"embeddable":true,"href":"https:\/\/museuflorestal.ambiente.sp.gov.br\/acervo\/wp-json\/wp\/v2\/comments?post=8227"}],"version-history":[{"count":0,"href":"https:\/\/museuflorestal.ambiente.sp.gov.br\/acervo\/wp-json\/wp\/v2\/tnc_col_329_item\/8227\/revisions"}],"wp:featuredmedia":[{"embeddable":true,"href":"https:\/\/museuflorestal.ambiente.sp.gov.br\/acervo\/wp-json\/wp\/v2\/media\/8228"}],"wp:attachment":[{"href":"https:\/\/museuflorestal.ambiente.sp.gov.br\/acervo\/wp-json\/wp\/v2\/media?parent=8227"}],"curies":[{"name":"wp","href":"https:\/\/api.w.org\/{rel}","templated":true}]}}

Amostra de imbira e imbiruçu

<p>Amostra retangular de madeira. Em cada face, uma metade está com verniz e outra na cor natural. Possui a inscrição em baixo relevo &#8220;83&#8221; e uma etiqueta com a inscrição &#8220;Imbira&#8221; em uma das faces, e na outra, a inscrição em baixo relevo &#8220;84&#8221; e etiqueta com a inscrição &#8220;Imbirussú&#8221;.</p>
