{"id":8432,"date":"2021-11-30T18:43:37","date_gmt":"2021-11-30T20:43:37","guid":{"rendered":"https:\/\/museuflorestal.ambiente.sp.gov.br\/acervo\/?post_type=tnc_col_329_item&#038;p=8432"},"modified":"2021-11-30T18:44:01","modified_gmt":"2021-11-30T20:44:01","slug":"amostra-de-cobi-da-colecao-do-estado-do-espirito-santo","status":"publish","type":"tnc_col_329_item","link":"https:\/\/museuflorestal.ambiente.sp.gov.br\/acervo\/museu-florestal-octavio-vecchi\/amostra-de-cobi-da-colecao-do-estado-do-espirito-santo\/","title":{"rendered":"Amostra de cobi, da &#8220;Cole\u00e7\u00e3o do Estado do Esp\u00edrito Santo&#8221;"},"content":{"rendered":"<p>Amostra retangular de madeira em sua cor natural. Possui uma das laterais maiores arredondada e as demais retas. Em uma das laterais menores, h\u00e1 a inscri\u00e7\u00e3o em baixo relevo &#8220;23&#8221;. Em uma das faces, possui etiqueta com a inscri\u00e7\u00e3o &#8220;Museu Florestal, S\u00e3o Paulo &#8211; Brasil, Coby, Cole\u00e7\u00e3o do Estado do Esp\u00edrito Santo, 23&#8221;.<\/p>\n","protected":false},"featured_media":8433,"parent":0,"menu_order":0,"comment_status":"closed","ping_status":"closed","template":"","format":"standard","_links":{"self":[{"href":"https:\/\/museuflorestal.ambiente.sp.gov.br\/acervo\/wp-json\/wp\/v2\/tnc_col_329_item\/8432"}],"collection":[{"href":"https:\/\/museuflorestal.ambiente.sp.gov.br\/acervo\/wp-json\/wp\/v2\/tnc_col_329_item"}],"about":[{"href":"https:\/\/museuflorestal.ambiente.sp.gov.br\/acervo\/wp-json\/wp\/v2\/types\/tnc_col_329_item"}],"replies":[{"embeddable":true,"href":"https:\/\/museuflorestal.ambiente.sp.gov.br\/acervo\/wp-json\/wp\/v2\/comments?post=8432"}],"version-history":[{"count":0,"href":"https:\/\/museuflorestal.ambiente.sp.gov.br\/acervo\/wp-json\/wp\/v2\/tnc_col_329_item\/8432\/revisions"}],"wp:featuredmedia":[{"embeddable":true,"href":"https:\/\/museuflorestal.ambiente.sp.gov.br\/acervo\/wp-json\/wp\/v2\/media\/8433"}],"wp:attachment":[{"href":"https:\/\/museuflorestal.ambiente.sp.gov.br\/acervo\/wp-json\/wp\/v2\/media?parent=8432"}],"curies":[{"name":"wp","href":"https:\/\/api.w.org\/{rel}","templated":true}]}}

Amostra de cobi, da &#8220;Coleção do Estado do Espírito Santo&#8221;

<p>Amostra retangular de madeira em sua cor natural. Possui uma das laterais maiores arredondada e as demais retas. Em uma das laterais menores, há a inscrição em baixo relevo &#8220;23&#8221;. Em uma das faces, possui etiqueta com a inscrição &#8220;Museu Florestal, São Paulo &#8211; Brasil, Coby, Coleção do Estado do Espírito Santo, 23&#8221;.</p>
