{"id":8435,"date":"2021-11-30T18:44:26","date_gmt":"2021-11-30T20:44:26","guid":{"rendered":"https:\/\/museuflorestal.ambiente.sp.gov.br\/acervo\/?post_type=tnc_col_329_item&#038;p=8435"},"modified":"2021-11-30T18:44:50","modified_gmt":"2021-11-30T20:44:50","slug":"amostra-de-caixa-dagua-da-colecao-do-estado-do-espirito-santo","status":"publish","type":"tnc_col_329_item","link":"https:\/\/museuflorestal.ambiente.sp.gov.br\/acervo\/museu-florestal-octavio-vecchi\/amostra-de-caixa-dagua-da-colecao-do-estado-do-espirito-santo\/","title":{"rendered":"Amostra de caixa-d&#8217;\u00e1gua, da &#8220;Cole\u00e7\u00e3o do Estado do Esp\u00edrito Santo&#8221;"},"content":{"rendered":"<p>Amostra retangular de madeira em sua cor natural. Possui uma das laterais maiores arredondada e as demais retas. Em uma das laterais menores, h\u00e1 a inscri\u00e7\u00e3o em baixo relevo &#8220;24&#8221;. Em uma das faces, possui etiqueta com a inscri\u00e7\u00e3o &#8220;Museu Florestal, S\u00e3o Paulo &#8211; Brasil, Caixa d&#8217;agua, Cole\u00e7\u00e3o do Estado do Esp\u00edrito Santo, 24&#8221;.<\/p>\n","protected":false},"featured_media":8436,"parent":0,"menu_order":0,"comment_status":"closed","ping_status":"closed","template":"","format":"standard","_links":{"self":[{"href":"https:\/\/museuflorestal.ambiente.sp.gov.br\/acervo\/wp-json\/wp\/v2\/tnc_col_329_item\/8435"}],"collection":[{"href":"https:\/\/museuflorestal.ambiente.sp.gov.br\/acervo\/wp-json\/wp\/v2\/tnc_col_329_item"}],"about":[{"href":"https:\/\/museuflorestal.ambiente.sp.gov.br\/acervo\/wp-json\/wp\/v2\/types\/tnc_col_329_item"}],"replies":[{"embeddable":true,"href":"https:\/\/museuflorestal.ambiente.sp.gov.br\/acervo\/wp-json\/wp\/v2\/comments?post=8435"}],"version-history":[{"count":0,"href":"https:\/\/museuflorestal.ambiente.sp.gov.br\/acervo\/wp-json\/wp\/v2\/tnc_col_329_item\/8435\/revisions"}],"wp:featuredmedia":[{"embeddable":true,"href":"https:\/\/museuflorestal.ambiente.sp.gov.br\/acervo\/wp-json\/wp\/v2\/media\/8436"}],"wp:attachment":[{"href":"https:\/\/museuflorestal.ambiente.sp.gov.br\/acervo\/wp-json\/wp\/v2\/media?parent=8435"}],"curies":[{"name":"wp","href":"https:\/\/api.w.org\/{rel}","templated":true}]}}

Amostra de caixa-d&#8217;água, da &#8220;Coleção do Estado do Espírito Santo&#8221;

<p>Amostra retangular de madeira em sua cor natural. Possui uma das laterais maiores arredondada e as demais retas. Em uma das laterais menores, há a inscrição em baixo relevo &#8220;24&#8221;. Em uma das faces, possui etiqueta com a inscrição &#8220;Museu Florestal, São Paulo &#8211; Brasil, Caixa d&#8217;agua, Coleção do Estado do Espírito Santo, 24&#8221;.</p>
