{"id":8584,"date":"2021-11-30T19:24:37","date_gmt":"2021-11-30T21:24:37","guid":{"rendered":"https:\/\/museuflorestal.ambiente.sp.gov.br\/acervo\/?post_type=tnc_col_329_item&#038;p=8584"},"modified":"2021-11-30T19:25:02","modified_gmt":"2021-11-30T21:25:02","slug":"amostra-de-saboarana","status":"publish","type":"tnc_col_329_item","link":"https:\/\/museuflorestal.ambiente.sp.gov.br\/acervo\/museu-florestal-octavio-vecchi\/amostra-de-saboarana\/","title":{"rendered":"Amostra de saboarana"},"content":{"rendered":"<p>Amostra de madeira em forma de trap\u00e9zio, possui uma etiqueta com a inscri\u00e7\u00e3o &#8220;17&#8221;, que corresponde \u00e0 legenda da lista fixada na tampa da caixa.<\/p>\n","protected":false},"featured_media":8585,"parent":0,"menu_order":0,"comment_status":"closed","ping_status":"closed","template":"","format":"standard","_links":{"self":[{"href":"https:\/\/museuflorestal.ambiente.sp.gov.br\/acervo\/wp-json\/wp\/v2\/tnc_col_329_item\/8584"}],"collection":[{"href":"https:\/\/museuflorestal.ambiente.sp.gov.br\/acervo\/wp-json\/wp\/v2\/tnc_col_329_item"}],"about":[{"href":"https:\/\/museuflorestal.ambiente.sp.gov.br\/acervo\/wp-json\/wp\/v2\/types\/tnc_col_329_item"}],"replies":[{"embeddable":true,"href":"https:\/\/museuflorestal.ambiente.sp.gov.br\/acervo\/wp-json\/wp\/v2\/comments?post=8584"}],"version-history":[{"count":0,"href":"https:\/\/museuflorestal.ambiente.sp.gov.br\/acervo\/wp-json\/wp\/v2\/tnc_col_329_item\/8584\/revisions"}],"wp:featuredmedia":[{"embeddable":true,"href":"https:\/\/museuflorestal.ambiente.sp.gov.br\/acervo\/wp-json\/wp\/v2\/media\/8585"}],"wp:attachment":[{"href":"https:\/\/museuflorestal.ambiente.sp.gov.br\/acervo\/wp-json\/wp\/v2\/media?parent=8584"}],"curies":[{"name":"wp","href":"https:\/\/api.w.org\/{rel}","templated":true}]}}

<p>Amostra de madeira em forma de trapézio, possui uma etiqueta com a inscrição &#8220;17&#8221;, que corresponde à legenda da lista fixada na tampa da caixa.</p>
