{"id":8686,"date":"2021-11-30T19:48:03","date_gmt":"2021-11-30T21:48:03","guid":{"rendered":"https:\/\/museuflorestal.ambiente.sp.gov.br\/acervo\/?post_type=tnc_col_329_item&#038;p=8686"},"modified":"2021-11-30T19:48:27","modified_gmt":"2021-11-30T21:48:27","slug":"amostra-de-kalopanax-pictus-nakai-araliaceae","status":"publish","type":"tnc_col_329_item","link":"https:\/\/museuflorestal.ambiente.sp.gov.br\/acervo\/museu-florestal-octavio-vecchi\/amostra-de-kalopanax-pictus-nakai-araliaceae\/","title":{"rendered":"Amostra de Kalopanax pictus Nakai (Araliaceae)"},"content":{"rendered":"<p>Amostra retangular de madeira com as quatro laterais retas. Em uma das laterais h\u00e1 o entalhe &#8220;871&#8221;, e em outra lateral h\u00e1 uma etiqueta retangular branca contendo a inscri\u00e7\u00e3o &#8220;871 Kalopanax pictus Nakai (Araliaceae)&#8221;. Em uma das faces h\u00e1 uma inscri\u00e7\u00e3o que parece estar em japon\u00eas e o n\u00famero &#8220;871&#8221;.<\/p>\n","protected":false},"featured_media":8687,"parent":0,"menu_order":0,"comment_status":"closed","ping_status":"closed","template":"","format":"standard","_links":{"self":[{"href":"https:\/\/museuflorestal.ambiente.sp.gov.br\/acervo\/wp-json\/wp\/v2\/tnc_col_329_item\/8686"}],"collection":[{"href":"https:\/\/museuflorestal.ambiente.sp.gov.br\/acervo\/wp-json\/wp\/v2\/tnc_col_329_item"}],"about":[{"href":"https:\/\/museuflorestal.ambiente.sp.gov.br\/acervo\/wp-json\/wp\/v2\/types\/tnc_col_329_item"}],"replies":[{"embeddable":true,"href":"https:\/\/museuflorestal.ambiente.sp.gov.br\/acervo\/wp-json\/wp\/v2\/comments?post=8686"}],"version-history":[{"count":0,"href":"https:\/\/museuflorestal.ambiente.sp.gov.br\/acervo\/wp-json\/wp\/v2\/tnc_col_329_item\/8686\/revisions"}],"wp:featuredmedia":[{"embeddable":true,"href":"https:\/\/museuflorestal.ambiente.sp.gov.br\/acervo\/wp-json\/wp\/v2\/media\/8687"}],"wp:attachment":[{"href":"https:\/\/museuflorestal.ambiente.sp.gov.br\/acervo\/wp-json\/wp\/v2\/media?parent=8686"}],"curies":[{"name":"wp","href":"https:\/\/api.w.org\/{rel}","templated":true}]}}

<p>Amostra retangular de madeira com as quatro laterais retas. Em uma das laterais há o entalhe &#8220;871&#8221;, e em outra lateral há uma etiqueta retangular branca contendo a inscrição &#8220;871 Kalopanax pictus Nakai (Araliaceae)&#8221;. Em uma das faces há uma inscrição que parece estar em japonês e o número &#8220;871&#8221;.</p>
