{"id":8690,"date":"2021-11-30T19:48:28","date_gmt":"2021-11-30T21:48:28","guid":{"rendered":"https:\/\/museuflorestal.ambiente.sp.gov.br\/acervo\/?post_type=tnc_col_329_item&#038;p=8690"},"modified":"2021-11-30T19:48:28","modified_gmt":"2021-11-30T21:48:28","slug":"amostra-de-larix-leptolepis-gordon-pinaceae","status":"publish","type":"tnc_col_329_item","link":"https:\/\/museuflorestal.ambiente.sp.gov.br\/acervo\/museu-florestal-octavio-vecchi\/amostra-de-larix-leptolepis-gordon-pinaceae\/","title":{"rendered":"Amostra de Larix leptolepis Gordon (Pinaceae)"},"content":{"rendered":"<p>Amostra retangular de madeira com as quatro laterais retas. Em uma das laterais h\u00e1 o entalhe &#8220;872&#8221;, e em outra lateral h\u00e1 uma etiqueta retangular branca contendo a inscri\u00e7\u00e3o &#8220;872 Larix leptolepis Gordon (Pinaceae)&#8221;. Em uma das faces h\u00e1 uma inscri\u00e7\u00e3o que parece estar em japon\u00eas e o n\u00famero &#8220;872&#8221;.<\/p>\n","protected":false},"featured_media":8691,"parent":0,"menu_order":0,"comment_status":"closed","ping_status":"closed","template":"","format":"standard","_links":{"self":[{"href":"https:\/\/museuflorestal.ambiente.sp.gov.br\/acervo\/wp-json\/wp\/v2\/tnc_col_329_item\/8690"}],"collection":[{"href":"https:\/\/museuflorestal.ambiente.sp.gov.br\/acervo\/wp-json\/wp\/v2\/tnc_col_329_item"}],"about":[{"href":"https:\/\/museuflorestal.ambiente.sp.gov.br\/acervo\/wp-json\/wp\/v2\/types\/tnc_col_329_item"}],"replies":[{"embeddable":true,"href":"https:\/\/museuflorestal.ambiente.sp.gov.br\/acervo\/wp-json\/wp\/v2\/comments?post=8690"}],"version-history":[{"count":0,"href":"https:\/\/museuflorestal.ambiente.sp.gov.br\/acervo\/wp-json\/wp\/v2\/tnc_col_329_item\/8690\/revisions"}],"wp:featuredmedia":[{"embeddable":true,"href":"https:\/\/museuflorestal.ambiente.sp.gov.br\/acervo\/wp-json\/wp\/v2\/media\/8691"}],"wp:attachment":[{"href":"https:\/\/museuflorestal.ambiente.sp.gov.br\/acervo\/wp-json\/wp\/v2\/media?parent=8690"}],"curies":[{"name":"wp","href":"https:\/\/api.w.org\/{rel}","templated":true}]}}

<p>Amostra retangular de madeira com as quatro laterais retas. Em uma das laterais há o entalhe &#8220;872&#8221;, e em outra lateral há uma etiqueta retangular branca contendo a inscrição &#8220;872 Larix leptolepis Gordon (Pinaceae)&#8221;. Em uma das faces há uma inscrição que parece estar em japonês e o número &#8220;872&#8221;.</p>
