{"id":9285,"date":"2021-11-30T20:15:42","date_gmt":"2021-11-30T22:15:42","guid":{"rendered":"https:\/\/museuflorestal.ambiente.sp.gov.br\/acervo\/?post_type=tnc_col_329_item&#038;p=9285"},"modified":"2021-11-30T20:15:42","modified_gmt":"2021-11-30T22:15:42","slug":"ilustracao-botanica-ramo-com-flor-amarela","status":"publish","type":"tnc_col_329_item","link":"https:\/\/museuflorestal.ambiente.sp.gov.br\/acervo\/museu-florestal-octavio-vecchi\/ilustracao-botanica-ramo-com-flor-amarela\/","title":{"rendered":"Ilustra\u00e7\u00e3o bot\u00e2nica &#8211; ramo com flor amarela"},"content":{"rendered":"<p>Ilustra\u00e7\u00e3o bot\u00e2nica. Pela an\u00e1lise da imagem, parenta ser a representa\u00e7\u00e3o de ramo de guapuruvu. No verso h\u00e1 a inscri\u00e7\u00e3o &#8220;n\u00ba 11 &#8211; Flambouyant&#8221;.<\/p>\n","protected":false},"featured_media":0,"parent":0,"menu_order":0,"comment_status":"closed","ping_status":"closed","template":"","format":"standard","_links":{"self":[{"href":"https:\/\/museuflorestal.ambiente.sp.gov.br\/acervo\/wp-json\/wp\/v2\/tnc_col_329_item\/9285"}],"collection":[{"href":"https:\/\/museuflorestal.ambiente.sp.gov.br\/acervo\/wp-json\/wp\/v2\/tnc_col_329_item"}],"about":[{"href":"https:\/\/museuflorestal.ambiente.sp.gov.br\/acervo\/wp-json\/wp\/v2\/types\/tnc_col_329_item"}],"replies":[{"embeddable":true,"href":"https:\/\/museuflorestal.ambiente.sp.gov.br\/acervo\/wp-json\/wp\/v2\/comments?post=9285"}],"version-history":[{"count":0,"href":"https:\/\/museuflorestal.ambiente.sp.gov.br\/acervo\/wp-json\/wp\/v2\/tnc_col_329_item\/9285\/revisions"}],"wp:attachment":[{"href":"https:\/\/museuflorestal.ambiente.sp.gov.br\/acervo\/wp-json\/wp\/v2\/media?parent=9285"}],"curies":[{"name":"wp","href":"https:\/\/api.w.org\/{rel}","templated":true}]}}

Ilustração botânica &#8211; ramo com flor amarela

<p>Ilustração botânica. Pela análise da imagem, parenta ser a representação de ramo de guapuruvu. No verso há a inscrição &#8220;nº 11 &#8211; Flambouyant&#8221;.</p>
