{"id":9287,"date":"2021-11-30T20:15:43","date_gmt":"2021-11-30T22:15:43","guid":{"rendered":"https:\/\/museuflorestal.ambiente.sp.gov.br\/acervo\/?post_type=tnc_col_329_item&#038;p=9287"},"modified":"2021-11-30T20:15:44","modified_gmt":"2021-11-30T22:15:44","slug":"ilustracao-botanica-ramo-de-alecrim","status":"publish","type":"tnc_col_329_item","link":"https:\/\/museuflorestal.ambiente.sp.gov.br\/acervo\/museu-florestal-octavio-vecchi\/ilustracao-botanica-ramo-de-alecrim\/","title":{"rendered":"Ilustra\u00e7\u00e3o bot\u00e2nica &#8211; ramo de alecrim"},"content":{"rendered":"<p>Ilustra\u00e7\u00e3o bot\u00e2nica colorida de alecrim com folhas, flores e frutos. No verso h\u00e1 a inscri\u00e7\u00e3o &#8220;n\u00ba 1 Alecrim&#8221;.<\/p>\n","protected":false},"featured_media":0,"parent":0,"menu_order":0,"comment_status":"closed","ping_status":"closed","template":"","format":"standard","_links":{"self":[{"href":"https:\/\/museuflorestal.ambiente.sp.gov.br\/acervo\/wp-json\/wp\/v2\/tnc_col_329_item\/9287"}],"collection":[{"href":"https:\/\/museuflorestal.ambiente.sp.gov.br\/acervo\/wp-json\/wp\/v2\/tnc_col_329_item"}],"about":[{"href":"https:\/\/museuflorestal.ambiente.sp.gov.br\/acervo\/wp-json\/wp\/v2\/types\/tnc_col_329_item"}],"replies":[{"embeddable":true,"href":"https:\/\/museuflorestal.ambiente.sp.gov.br\/acervo\/wp-json\/wp\/v2\/comments?post=9287"}],"version-history":[{"count":0,"href":"https:\/\/museuflorestal.ambiente.sp.gov.br\/acervo\/wp-json\/wp\/v2\/tnc_col_329_item\/9287\/revisions"}],"wp:attachment":[{"href":"https:\/\/museuflorestal.ambiente.sp.gov.br\/acervo\/wp-json\/wp\/v2\/media?parent=9287"}],"curies":[{"name":"wp","href":"https:\/\/api.w.org\/{rel}","templated":true}]}}

Ilustração botânica &#8211; ramo de alecrim

<p>Ilustração botânica colorida de alecrim com folhas, flores e frutos. No verso há a inscrição &#8220;nº 1 Alecrim&#8221;.</p>
