{"id":9292,"date":"2021-11-30T20:15:47","date_gmt":"2021-11-30T22:15:47","guid":{"rendered":"https:\/\/museuflorestal.ambiente.sp.gov.br\/acervo\/?post_type=tnc_col_329_item&#038;p=9292"},"modified":"2021-11-30T20:15:47","modified_gmt":"2021-11-30T22:15:47","slug":"ilustracao-botanica-ramo-de-pau-jacare","status":"publish","type":"tnc_col_329_item","link":"https:\/\/museuflorestal.ambiente.sp.gov.br\/acervo\/museu-florestal-octavio-vecchi\/ilustracao-botanica-ramo-de-pau-jacare\/","title":{"rendered":"Ilustra\u00e7\u00e3o bot\u00e2nica &#8211; ramo de pau-jacar\u00e9"},"content":{"rendered":"<p>Ilustra\u00e7\u00e3o bot\u00e2nica colorida com folhas, frutos e flores amarelas.<\/p>\n","protected":false},"featured_media":0,"parent":0,"menu_order":0,"comment_status":"closed","ping_status":"closed","template":"","format":"standard","_links":{"self":[{"href":"https:\/\/museuflorestal.ambiente.sp.gov.br\/acervo\/wp-json\/wp\/v2\/tnc_col_329_item\/9292"}],"collection":[{"href":"https:\/\/museuflorestal.ambiente.sp.gov.br\/acervo\/wp-json\/wp\/v2\/tnc_col_329_item"}],"about":[{"href":"https:\/\/museuflorestal.ambiente.sp.gov.br\/acervo\/wp-json\/wp\/v2\/types\/tnc_col_329_item"}],"replies":[{"embeddable":true,"href":"https:\/\/museuflorestal.ambiente.sp.gov.br\/acervo\/wp-json\/wp\/v2\/comments?post=9292"}],"version-history":[{"count":0,"href":"https:\/\/museuflorestal.ambiente.sp.gov.br\/acervo\/wp-json\/wp\/v2\/tnc_col_329_item\/9292\/revisions"}],"wp:attachment":[{"href":"https:\/\/museuflorestal.ambiente.sp.gov.br\/acervo\/wp-json\/wp\/v2\/media?parent=9292"}],"curies":[{"name":"wp","href":"https:\/\/api.w.org\/{rel}","templated":true}]}}

Ilustração botânica &#8211; ramo de pau-jacaré

<p>Ilustração botânica colorida com folhas, frutos e flores amarelas.</p>
