{"id":9293,"date":"2021-11-30T20:15:48","date_gmt":"2021-11-30T22:15:48","guid":{"rendered":"https:\/\/museuflorestal.ambiente.sp.gov.br\/acervo\/?post_type=tnc_col_329_item&#038;p=9293"},"modified":"2021-11-30T20:15:48","modified_gmt":"2021-11-30T22:15:48","slug":"ilustracao-botanica-ramo-com-flores-e-folhas-compostas","status":"publish","type":"tnc_col_329_item","link":"https:\/\/museuflorestal.ambiente.sp.gov.br\/acervo\/museu-florestal-octavio-vecchi\/ilustracao-botanica-ramo-com-flores-e-folhas-compostas\/","title":{"rendered":"Ilustra\u00e7\u00e3o bot\u00e2nica &#8211; ramo com flores e folhas compostas"},"content":{"rendered":"<p>Ilustra\u00e7\u00e3o bot\u00e2nica colorida com galho, folhas, frutos e flores. No verso h\u00e1 a inscri\u00e7\u00e3o o a l\u00e1pis &#8220;n\u00ba 12 Alecrim&#8221;.<\/p>\n","protected":false},"featured_media":0,"parent":0,"menu_order":0,"comment_status":"closed","ping_status":"closed","template":"","format":"standard","_links":{"self":[{"href":"https:\/\/museuflorestal.ambiente.sp.gov.br\/acervo\/wp-json\/wp\/v2\/tnc_col_329_item\/9293"}],"collection":[{"href":"https:\/\/museuflorestal.ambiente.sp.gov.br\/acervo\/wp-json\/wp\/v2\/tnc_col_329_item"}],"about":[{"href":"https:\/\/museuflorestal.ambiente.sp.gov.br\/acervo\/wp-json\/wp\/v2\/types\/tnc_col_329_item"}],"replies":[{"embeddable":true,"href":"https:\/\/museuflorestal.ambiente.sp.gov.br\/acervo\/wp-json\/wp\/v2\/comments?post=9293"}],"version-history":[{"count":0,"href":"https:\/\/museuflorestal.ambiente.sp.gov.br\/acervo\/wp-json\/wp\/v2\/tnc_col_329_item\/9293\/revisions"}],"wp:attachment":[{"href":"https:\/\/museuflorestal.ambiente.sp.gov.br\/acervo\/wp-json\/wp\/v2\/media?parent=9293"}],"curies":[{"name":"wp","href":"https:\/\/api.w.org\/{rel}","templated":true}]}}

Ilustração botânica &#8211; ramo com flores e folhas compostas

<p>Ilustração botânica colorida com galho, folhas, frutos e flores. No verso há a inscrição o a lápis &#8220;nº 12 Alecrim&#8221;.</p>
