{"id":9295,"date":"2021-11-30T20:15:49","date_gmt":"2021-11-30T22:15:49","guid":{"rendered":"https:\/\/museuflorestal.ambiente.sp.gov.br\/acervo\/?post_type=tnc_col_329_item&#038;p=9295"},"modified":"2021-11-30T20:15:50","modified_gmt":"2021-11-30T22:15:50","slug":"ilustracao-botanica-ramo-de-dedaleiro","status":"publish","type":"tnc_col_329_item","link":"https:\/\/museuflorestal.ambiente.sp.gov.br\/acervo\/museu-florestal-octavio-vecchi\/ilustracao-botanica-ramo-de-dedaleiro\/","title":{"rendered":"Ilustra\u00e7\u00e3o bot\u00e2nica &#8211; ramo de dedaleiro"},"content":{"rendered":"<p>Ilustra\u00e7\u00e3o bot\u00e2nica colorida com galhos, folhas, frutos e flores amarelas. No verso h\u00e1 a inscri\u00e7\u00e3o a l\u00e1pis &#8220;n \u00ba3 Dedaleiro&#8221;.<\/p>\n","protected":false},"featured_media":0,"parent":0,"menu_order":0,"comment_status":"closed","ping_status":"closed","template":"","format":"standard","_links":{"self":[{"href":"https:\/\/museuflorestal.ambiente.sp.gov.br\/acervo\/wp-json\/wp\/v2\/tnc_col_329_item\/9295"}],"collection":[{"href":"https:\/\/museuflorestal.ambiente.sp.gov.br\/acervo\/wp-json\/wp\/v2\/tnc_col_329_item"}],"about":[{"href":"https:\/\/museuflorestal.ambiente.sp.gov.br\/acervo\/wp-json\/wp\/v2\/types\/tnc_col_329_item"}],"replies":[{"embeddable":true,"href":"https:\/\/museuflorestal.ambiente.sp.gov.br\/acervo\/wp-json\/wp\/v2\/comments?post=9295"}],"version-history":[{"count":0,"href":"https:\/\/museuflorestal.ambiente.sp.gov.br\/acervo\/wp-json\/wp\/v2\/tnc_col_329_item\/9295\/revisions"}],"wp:attachment":[{"href":"https:\/\/museuflorestal.ambiente.sp.gov.br\/acervo\/wp-json\/wp\/v2\/media?parent=9295"}],"curies":[{"name":"wp","href":"https:\/\/api.w.org\/{rel}","templated":true}]}}

Ilustração botânica &#8211; ramo de dedaleiro

<p>Ilustração botânica colorida com galhos, folhas, frutos e flores amarelas. No verso há a inscrição a lápis &#8220;n º3 Dedaleiro&#8221;.</p>
