{"id":931,"date":"2021-11-30T12:02:16","date_gmt":"2021-11-30T14:02:16","guid":{"rendered":"https:\/\/museuflorestal.ambiente.sp.gov.br\/acervo\/?post_type=tnc_col_329_item&#038;p=931"},"modified":"2021-11-30T12:02:19","modified_gmt":"2021-11-30T14:02:19","slug":"longarina-5","status":"publish","type":"tnc_col_329_item","link":"https:\/\/museuflorestal.ambiente.sp.gov.br\/acervo\/museu-florestal-octavio-vecchi\/longarina-5\/","title":{"rendered":"Longarina"},"content":{"rendered":"<p>Conjunto de cadeiras com cinco lugares, em madeira escura com encaixe entrecruzado, com assento de couro vinho, encosto vazado e entalhes em rococ\u00f3. Possui bra\u00e7os para apoio, com aplica\u00e7\u00e3o de t\u00e9cnica de torneado.<\/p>\n","protected":false},"featured_media":937,"parent":0,"menu_order":0,"comment_status":"closed","ping_status":"closed","template":"","format":"standard","_links":{"self":[{"href":"https:\/\/museuflorestal.ambiente.sp.gov.br\/acervo\/wp-json\/wp\/v2\/tnc_col_329_item\/931"}],"collection":[{"href":"https:\/\/museuflorestal.ambiente.sp.gov.br\/acervo\/wp-json\/wp\/v2\/tnc_col_329_item"}],"about":[{"href":"https:\/\/museuflorestal.ambiente.sp.gov.br\/acervo\/wp-json\/wp\/v2\/types\/tnc_col_329_item"}],"replies":[{"embeddable":true,"href":"https:\/\/museuflorestal.ambiente.sp.gov.br\/acervo\/wp-json\/wp\/v2\/comments?post=931"}],"version-history":[{"count":0,"href":"https:\/\/museuflorestal.ambiente.sp.gov.br\/acervo\/wp-json\/wp\/v2\/tnc_col_329_item\/931\/revisions"}],"wp:featuredmedia":[{"embeddable":true,"href":"https:\/\/museuflorestal.ambiente.sp.gov.br\/acervo\/wp-json\/wp\/v2\/media\/937"}],"wp:attachment":[{"href":"https:\/\/museuflorestal.ambiente.sp.gov.br\/acervo\/wp-json\/wp\/v2\/media?parent=931"}],"curies":[{"name":"wp","href":"https:\/\/api.w.org\/{rel}","templated":true}]}}

<p>Conjunto de cadeiras com cinco lugares, em madeira escura com encaixe entrecruzado, com assento de couro vinho, encosto vazado e entalhes em rococó. Possui braços para apoio, com aplicação de técnica de torneado.</p>
