{"id":9336,"date":"2021-11-30T20:17:08","date_gmt":"2021-11-30T22:17:08","guid":{"rendered":"https:\/\/museuflorestal.ambiente.sp.gov.br\/acervo\/?post_type=tnc_col_329_item&#038;p=9336"},"modified":"2021-11-30T20:17:14","modified_gmt":"2021-11-30T22:17:14","slug":"album-de-fotografias-2","status":"publish","type":"tnc_col_329_item","link":"https:\/\/museuflorestal.ambiente.sp.gov.br\/acervo\/museu-florestal-octavio-vecchi\/album-de-fotografias-2\/","title":{"rendered":"\u00c1lbum de fotografias"},"content":{"rendered":"<p>\u00c1lbum de fotografias encadernado, azul com detalhes dourados. Na capa h\u00e1 a inscri\u00e7\u00e3o &#8220;Album&#8221;. Possui cinquenta e duas p\u00e1ginas pretas, cada p\u00e1gina com quatro cantoneiras douradas.<\/p>\n","protected":false},"featured_media":9337,"parent":0,"menu_order":0,"comment_status":"closed","ping_status":"closed","template":"","format":"standard","_links":{"self":[{"href":"https:\/\/museuflorestal.ambiente.sp.gov.br\/acervo\/wp-json\/wp\/v2\/tnc_col_329_item\/9336"}],"collection":[{"href":"https:\/\/museuflorestal.ambiente.sp.gov.br\/acervo\/wp-json\/wp\/v2\/tnc_col_329_item"}],"about":[{"href":"https:\/\/museuflorestal.ambiente.sp.gov.br\/acervo\/wp-json\/wp\/v2\/types\/tnc_col_329_item"}],"replies":[{"embeddable":true,"href":"https:\/\/museuflorestal.ambiente.sp.gov.br\/acervo\/wp-json\/wp\/v2\/comments?post=9336"}],"version-history":[{"count":0,"href":"https:\/\/museuflorestal.ambiente.sp.gov.br\/acervo\/wp-json\/wp\/v2\/tnc_col_329_item\/9336\/revisions"}],"wp:featuredmedia":[{"embeddable":true,"href":"https:\/\/museuflorestal.ambiente.sp.gov.br\/acervo\/wp-json\/wp\/v2\/media\/9337"}],"wp:attachment":[{"href":"https:\/\/museuflorestal.ambiente.sp.gov.br\/acervo\/wp-json\/wp\/v2\/media?parent=9336"}],"curies":[{"name":"wp","href":"https:\/\/api.w.org\/{rel}","templated":true}]}}

Álbum de fotografias

<p>Álbum de fotografias encadernado, azul com detalhes dourados. Na capa há a inscrição &#8220;Album&#8221;. Possui cinquenta e duas páginas pretas, cada página com quatro cantoneiras douradas.</p>
