{"id":9402,"date":"2021-11-30T20:20:41","date_gmt":"2021-11-30T22:20:41","guid":{"rendered":"https:\/\/museuflorestal.ambiente.sp.gov.br\/acervo\/?post_type=tnc_col_329_item&#038;p=9402"},"modified":"2022-01-14T14:00:01","modified_gmt":"2022-01-14T17:00:01","slug":"prancha-de-jequitiba-branco-3","status":"publish","type":"tnc_col_329_item","link":"https:\/\/museuflorestal.ambiente.sp.gov.br\/acervo\/museu-florestal-octavio-vecchi\/prancha-de-jequitiba-branco-3\/","title":{"rendered":"Prancha de jequitib\u00e1-branco"},"content":{"rendered":"<p>Prancha retangular de madeira com al\u00e7a torneada com fixa\u00e7\u00e3o de tacha. Na parte inferior, h\u00e1 a inscri\u00e7\u00e3o a l\u00e1pis &#8220;Jequitib\u00e1 branco&#8221;.<\/p>\n","protected":false},"featured_media":9405,"parent":0,"menu_order":0,"comment_status":"closed","ping_status":"closed","template":"","format":"standard","_links":{"self":[{"href":"https:\/\/museuflorestal.ambiente.sp.gov.br\/acervo\/wp-json\/wp\/v2\/tnc_col_329_item\/9402"}],"collection":[{"href":"https:\/\/museuflorestal.ambiente.sp.gov.br\/acervo\/wp-json\/wp\/v2\/tnc_col_329_item"}],"about":[{"href":"https:\/\/museuflorestal.ambiente.sp.gov.br\/acervo\/wp-json\/wp\/v2\/types\/tnc_col_329_item"}],"replies":[{"embeddable":true,"href":"https:\/\/museuflorestal.ambiente.sp.gov.br\/acervo\/wp-json\/wp\/v2\/comments?post=9402"}],"version-history":[{"count":1,"href":"https:\/\/museuflorestal.ambiente.sp.gov.br\/acervo\/wp-json\/wp\/v2\/tnc_col_329_item\/9402\/revisions"}],"predecessor-version":[{"id":22618,"href":"https:\/\/museuflorestal.ambiente.sp.gov.br\/acervo\/wp-json\/wp\/v2\/tnc_col_329_item\/9402\/revisions\/22618"}],"wp:featuredmedia":[{"embeddable":true,"href":"https:\/\/museuflorestal.ambiente.sp.gov.br\/acervo\/wp-json\/wp\/v2\/media\/9405"}],"wp:attachment":[{"href":"https:\/\/museuflorestal.ambiente.sp.gov.br\/acervo\/wp-json\/wp\/v2\/media?parent=9402"}],"curies":[{"name":"wp","href":"https:\/\/api.w.org\/{rel}","templated":true}]}}

Prancha de jequitibá-branco

<p>Prancha retangular de madeira com alça torneada com fixação de tacha. Na parte inferior, há a inscrição a lápis &#8220;Jequitibá branco&#8221;.</p>
