{"id":9436,"date":"2021-11-30T20:21:35","date_gmt":"2021-11-30T22:21:35","guid":{"rendered":"https:\/\/museuflorestal.ambiente.sp.gov.br\/acervo\/?post_type=tnc_col_329_item&#038;p=9436"},"modified":"2021-11-30T20:21:39","modified_gmt":"2021-11-30T22:21:39","slug":"escultura-sem-titulo","status":"publish","type":"tnc_col_329_item","link":"https:\/\/museuflorestal.ambiente.sp.gov.br\/acervo\/museu-florestal-octavio-vecchi\/escultura-sem-titulo\/","title":{"rendered":"Escultura Sem t\u00edtulo"},"content":{"rendered":"<p>Escultura de madeira em formato de animal com orelhas pontudas, rosto alongado e bolsa na barriga. Na parte de baixo da cauda h\u00e1 a inscri\u00e7\u00e3o &#8220;Feira campo S\u00e3o Bento, Mattos&#8221;.<\/p>\n","protected":false},"featured_media":9437,"parent":0,"menu_order":0,"comment_status":"closed","ping_status":"closed","template":"","format":"standard","_links":{"self":[{"href":"https:\/\/museuflorestal.ambiente.sp.gov.br\/acervo\/wp-json\/wp\/v2\/tnc_col_329_item\/9436"}],"collection":[{"href":"https:\/\/museuflorestal.ambiente.sp.gov.br\/acervo\/wp-json\/wp\/v2\/tnc_col_329_item"}],"about":[{"href":"https:\/\/museuflorestal.ambiente.sp.gov.br\/acervo\/wp-json\/wp\/v2\/types\/tnc_col_329_item"}],"replies":[{"embeddable":true,"href":"https:\/\/museuflorestal.ambiente.sp.gov.br\/acervo\/wp-json\/wp\/v2\/comments?post=9436"}],"version-history":[{"count":0,"href":"https:\/\/museuflorestal.ambiente.sp.gov.br\/acervo\/wp-json\/wp\/v2\/tnc_col_329_item\/9436\/revisions"}],"wp:featuredmedia":[{"embeddable":true,"href":"https:\/\/museuflorestal.ambiente.sp.gov.br\/acervo\/wp-json\/wp\/v2\/media\/9437"}],"wp:attachment":[{"href":"https:\/\/museuflorestal.ambiente.sp.gov.br\/acervo\/wp-json\/wp\/v2\/media?parent=9436"}],"curies":[{"name":"wp","href":"https:\/\/api.w.org\/{rel}","templated":true}]}}

Escultura Sem título

<p>Escultura de madeira em formato de animal com orelhas pontudas, rosto alongado e bolsa na barriga. Na parte de baixo da cauda há a inscrição &#8220;Feira campo São Bento, Mattos&#8221;.</p>
